{"id":961,"date":"2024-01-04T14:48:52","date_gmt":"2024-01-04T14:48:52","guid":{"rendered":"http:\/\/www.musik-zum-tagesausklang.de\/?page_id=961"},"modified":"2024-01-23T18:12:56","modified_gmt":"2024-01-23T18:12:56","slug":"24-februar-2024","status":"publish","type":"page","link":"http:\/\/www.musik-zum-tagesausklang.de\/?page_id=961","title":{"rendered":"24. Februar 2024"},"content":{"rendered":"<h5><img loading=\"lazy\" decoding=\"async\" class=\"alignright size-medium wp-image-455\" src=\"http:\/\/www.musik-zum-tagesausklang.de\/wp-content\/uploads\/2019\/08\/DSC00285-300x200.jpg\" alt=\"\" width=\"300\" height=\"200\" srcset=\"http:\/\/www.musik-zum-tagesausklang.de\/wp-content\/uploads\/2019\/08\/DSC00285-300x200.jpg 300w, http:\/\/www.musik-zum-tagesausklang.de\/wp-content\/uploads\/2019\/08\/DSC00285-768x512.jpg 768w, http:\/\/www.musik-zum-tagesausklang.de\/wp-content\/uploads\/2019\/08\/DSC00285-1024x683.jpg 1024w\" sizes=\"auto, (max-width: 300px) 100vw, 300px\" \/>Samstag, 24. Februar 2024 \/ 19.00 Uhr<br \/>\nPfarrkirche Verkl\u00e4rung Christi<\/h5>\n<h5>&nbsp;<\/h5>\n<p>&nbsp;<\/p>\n<p>&nbsp;<\/p>\n<h4>Fl\u00f6te und Orgel<\/h4>\n<div class=\"o9v6fnle cxmmr5t8 oygrvhab hcukyx3x c1et5uql\">&nbsp;<\/div>\n<div>&nbsp;<\/div>\n<p>&nbsp;<\/p>\n<p>&nbsp;<\/p>\n<p>Johann Joachim QUANTZ<br \/>\n(1697 &#8211; 1773)<br \/>\nFl\u00f6tenkonzert G-Dur<br \/>\nQV 5:174<br \/>\n<em>Allegro assai<\/em><\/p>\n<p>&nbsp;<\/p>\n<p>&nbsp;<\/p>\n<p>Saverio MERCADANTE<br \/>\n(1795 &#8211; 1870)<br \/>\nFl\u00f6tenkonzert e-Moll<br \/>\nop. 57<br \/>\n<em>Allegro maestoso<\/em><br \/>\n<em>Largo<\/em><\/p>\n<p>&nbsp;<\/p>\n<p>&nbsp;<\/p>\n<p>Franz SCHUBERT<br \/>\n(1797 &#8211; 1828)<br \/>\nGute Nacht<br \/>\nD 911<\/p>\n<p>&nbsp;<\/p>\n<p>&nbsp;<\/p>\n<div>&nbsp;<\/div>\n<p>__________________________________________________<\/p>\n<p><em>Katharina Ehlich, Fl\u00f6te<br \/>\nAndreas Wiesmann, Orgel<br \/>\n<\/em><\/p>\n","protected":false},"excerpt":{"rendered":"<p>Samstag, 24. Februar 2024 \/ 19.00 Uhr Pfarrkirche Verkl\u00e4rung Christi &nbsp; &nbsp; &nbsp; Fl\u00f6te und Orgel &nbsp; &nbsp; &nbsp; &nbsp; Johann Joachim QUANTZ (1697 &#8211; 1773) Fl\u00f6tenkonzert G-Dur QV 5:174 Allegro assai &nbsp; &nbsp; Saverio MERCADANTE (1795 &#8211; 1870) Fl\u00f6tenkonzert e-Moll op. 57 Allegro maestoso Largo &nbsp; &nbsp; Franz SCHUBERT (1797 &#8211; 1828) Gute Nacht D 911 &nbsp; &nbsp; &nbsp; __________________________________________________ Katharina Ehlich, Fl\u00f6te Andreas Wiesmann, Orgel<\/p>\n","protected":false},"author":1,"featured_media":0,"parent":0,"menu_order":0,"comment_status":"closed","ping_status":"closed","template":"","meta":{"ngg_post_thumbnail":0,"footnotes":""},"class_list":["post-961","page","type-page","status-publish","hentry"],"_links":{"self":[{"href":"http:\/\/www.musik-zum-tagesausklang.de\/index.php?rest_route=\/wp\/v2\/pages\/961","targetHints":{"allow":["GET"]}}],"collection":[{"href":"http:\/\/www.musik-zum-tagesausklang.de\/index.php?rest_route=\/wp\/v2\/pages"}],"about":[{"href":"http:\/\/www.musik-zum-tagesausklang.de\/index.php?rest_route=\/wp\/v2\/types\/page"}],"author":[{"embeddable":true,"href":"http:\/\/www.musik-zum-tagesausklang.de\/index.php?rest_route=\/wp\/v2\/users\/1"}],"replies":[{"embeddable":true,"href":"http:\/\/www.musik-zum-tagesausklang.de\/index.php?rest_route=%2Fwp%2Fv2%2Fcomments&post=961"}],"version-history":[{"count":4,"href":"http:\/\/www.musik-zum-tagesausklang.de\/index.php?rest_route=\/wp\/v2\/pages\/961\/revisions"}],"predecessor-version":[{"id":981,"href":"http:\/\/www.musik-zum-tagesausklang.de\/index.php?rest_route=\/wp\/v2\/pages\/961\/revisions\/981"}],"wp:attachment":[{"href":"http:\/\/www.musik-zum-tagesausklang.de\/index.php?rest_route=%2Fwp%2Fv2%2Fmedia&parent=961"}],"curies":[{"name":"wp","href":"https:\/\/api.w.org\/{rel}","templated":true}]}}

<h5><img loading="lazy" decoding="async" class="alignright size-medium wp-image-455" src="http://www.musik-zum-tagesausklang.de/wp-content/uploads/2019/08/DSC00285-300x200.jpg" alt="" width="300" height="200" srcset="http://www.musik-zum-tagesausklang.de/wp-content/uploads/2019/08/DSC00285-300x200.jpg 300w, http://www.musik-zum-tagesausklang.de/wp-content/uploads/2019/08/DSC00285-768x512.jpg 768w, http://www.musik-zum-tagesausklang.de/wp-content/uploads/2019/08/DSC00285-1024x683.jpg 1024w" sizes="auto, (max-width: 300px) 100vw, 300px" />Samstag, 24. Februar 2024 / 19.00 Uhr<br />
Pfarrkirche Verklärung Christi</h5>
<h5>&nbsp;</h5>
<p>&nbsp;</p>
<p>&nbsp;</p>
<h4>Flöte und Orgel</h4>
<div class="o9v6fnle cxmmr5t8 oygrvhab hcukyx3x c1et5uql">&nbsp;</div>
<div>&nbsp;</div>
<p>&nbsp;</p>
<p>&nbsp;</p>
<p>Johann Joachim QUANTZ<br />
(1697 &#8211; 1773)<br />
Flötenkonzert G-Dur<br />
QV 5:174<br />
<em>Allegro assai</em></p>
<p>&nbsp;</p>
<p>&nbsp;</p>
<p>Saverio MERCADANTE<br />
(1795 &#8211; 1870)<br />
Flötenkonzert e-Moll<br />
op. 57<br />
<em>Allegro maestoso</em><br />
<em>Largo</em></p>
<p>&nbsp;</p>
<p>&nbsp;</p>
<p>Franz SCHUBERT<br />
(1797 &#8211; 1828)<br />
Gute Nacht<br />
D 911</p>
<p>&nbsp;</p>
<p>&nbsp;</p>
<div>&nbsp;</div>
<p>__________________________________________________</p>
<p><em>Katharina Ehlich, Flöte<br />
Andreas Wiesmann, Orgel<br />
</em></p>

<p>Samstag, 24. Februar 2024 / 19.00 Uhr Pfarrkirche Verklärung Christi &nbsp; &nbsp; &nbsp; Flöte und Orgel &nbsp; &nbsp; &nbsp; &nbsp; Johann Joachim QUANTZ (1697 &#8211; 1773) Flötenkonzert G-Dur QV 5:174 Allegro assai &nbsp; &nbsp; Saverio MERCADANTE (1795 &#8211; 1870) Flötenkonzert e-Moll op. 57 Allegro maestoso Largo &nbsp; &nbsp; Franz SCHUBERT (1797 &#8211; 1828) Gute Nacht D 911 &nbsp; &nbsp; &nbsp; __________________________________________________ Katharina Ehlich, Flöte Andreas Wiesmann, Orgel</p>
