{"id":90,"date":"2019-01-22T10:14:58","date_gmt":"2019-01-22T10:14:58","guid":{"rendered":"http:\/\/musik-zum-tagesausklang.de\/?page_id=90"},"modified":"2019-01-22T15:32:25","modified_gmt":"2019-01-22T15:32:25","slug":"26-januar-2019","status":"publish","type":"page","link":"http:\/\/www.musik-zum-tagesausklang.de\/?page_id=90","title":{"rendered":"26. Januar 2019"},"content":{"rendered":"<h5>Samstag, 26. Januar 2019 \/ 19.00 Uhr<br \/>\nStadtpfarrkirche \u201eMariae Himmelfahrt\u201c<\/h5>\n<h4>Werke f\u00fcr eine und f\u00fcr zwei Orgeln<\/h4>\n<p>&nbsp;<\/p>\n<p>Johann Anton KOBRICH<br \/>\n(1714 &#8211; 1791)<br \/>\nDrei Pastorellen<br \/>\n(Bearbeitung f\u00fcr zwei Orgeln)<br \/>\n<em>Pastorella in C (Allegro risoluto)<\/em><br \/>\n<em>Pastorella in D (Menuett)<\/em><br \/>\n<em>Pastorella in G (Andante)<\/em><\/p>\n<p>&nbsp;<\/p>\n<p>Sebastian SCHINDLER<br \/>\nFreie Improvisation<\/p>\n<p>&nbsp;<\/p>\n<p>Johann Sebastian BACH<br \/>\n(1685 &#8211; 1750)<br \/>\nToccata und Fuge in d dorisch<br \/>\nBWV 538<\/p>\n<p>&nbsp;<\/p>\n<p>Gaetano Felice PIAZZA<br \/>\n(1725 &#8211; 1775)<br \/>\nSonata in F<br \/>\na due Organi<\/p>\n<p>&nbsp;<\/p>\n<p>__________________________________________________<\/p>\n<p><em>Sebastian Schindler, Orgel<\/em><br \/>\n<em>Andreas Wiesmann, Orgel<\/em><\/p>\n","protected":false},"excerpt":{"rendered":"<p>Samstag, 26. Januar 2019 \/ 19.00 Uhr Stadtpfarrkirche \u201eMariae Himmelfahrt\u201c Werke f\u00fcr eine und f\u00fcr zwei Orgeln &nbsp; Johann Anton KOBRICH (1714 &#8211; 1791) Drei Pastorellen (Bearbeitung f\u00fcr zwei Orgeln) Pastorella in C (Allegro risoluto) Pastorella in D (Menuett) Pastorella in G (Andante) &nbsp; Sebastian SCHINDLER Freie Improvisation &nbsp; Johann Sebastian BACH (1685 &#8211; 1750) Toccata und Fuge in d dorisch BWV 538 &nbsp; Gaetano Felice PIAZZA (1725 &#8211; 1775) Sonata in F a due Organi &nbsp; __________________________________________________ Sebastian Schindler, &hellip; <\/p>\n","protected":false},"author":1,"featured_media":0,"parent":0,"menu_order":0,"comment_status":"closed","ping_status":"closed","template":"","meta":{"ngg_post_thumbnail":0,"footnotes":""},"class_list":["post-90","page","type-page","status-publish","hentry"],"_links":{"self":[{"href":"http:\/\/www.musik-zum-tagesausklang.de\/index.php?rest_route=\/wp\/v2\/pages\/90","targetHints":{"allow":["GET"]}}],"collection":[{"href":"http:\/\/www.musik-zum-tagesausklang.de\/index.php?rest_route=\/wp\/v2\/pages"}],"about":[{"href":"http:\/\/www.musik-zum-tagesausklang.de\/index.php?rest_route=\/wp\/v2\/types\/page"}],"author":[{"embeddable":true,"href":"http:\/\/www.musik-zum-tagesausklang.de\/index.php?rest_route=\/wp\/v2\/users\/1"}],"replies":[{"embeddable":true,"href":"http:\/\/www.musik-zum-tagesausklang.de\/index.php?rest_route=%2Fwp%2Fv2%2Fcomments&post=90"}],"version-history":[{"count":7,"href":"http:\/\/www.musik-zum-tagesausklang.de\/index.php?rest_route=\/wp\/v2\/pages\/90\/revisions"}],"predecessor-version":[{"id":161,"href":"http:\/\/www.musik-zum-tagesausklang.de\/index.php?rest_route=\/wp\/v2\/pages\/90\/revisions\/161"}],"wp:attachment":[{"href":"http:\/\/www.musik-zum-tagesausklang.de\/index.php?rest_route=%2Fwp%2Fv2%2Fmedia&parent=90"}],"curies":[{"name":"wp","href":"https:\/\/api.w.org\/{rel}","templated":true}]}}