{"id":807,"date":"2022-04-12T20:37:46","date_gmt":"2022-04-12T20:37:46","guid":{"rendered":"http:\/\/www.musik-zum-tagesausklang.de\/?page_id=807"},"modified":"2022-09-21T08:46:12","modified_gmt":"2022-09-21T08:46:12","slug":"samstag-22-oktober","status":"publish","type":"page","link":"http:\/\/www.musik-zum-tagesausklang.de\/?page_id=807","title":{"rendered":"Samstag, 24. September"},"content":{"rendered":"<h5><img loading=\"lazy\" decoding=\"async\" class=\"alignright size-medium wp-image-728\" src=\"http:\/\/www.musik-zum-tagesausklang.de\/wp-content\/uploads\/2021\/07\/Hauptorgel-MaH-300x200.jpg\" alt=\"\" width=\"300\" height=\"200\" srcset=\"http:\/\/www.musik-zum-tagesausklang.de\/wp-content\/uploads\/2021\/07\/Hauptorgel-MaH-300x200.jpg 300w, http:\/\/www.musik-zum-tagesausklang.de\/wp-content\/uploads\/2021\/07\/Hauptorgel-MaH-1024x683.jpg 1024w, http:\/\/www.musik-zum-tagesausklang.de\/wp-content\/uploads\/2021\/07\/Hauptorgel-MaH-768x512.jpg 768w, http:\/\/www.musik-zum-tagesausklang.de\/wp-content\/uploads\/2021\/07\/Hauptorgel-MaH-1536x1024.jpg 1536w, http:\/\/www.musik-zum-tagesausklang.de\/wp-content\/uploads\/2021\/07\/Hauptorgel-MaH-2048x1365.jpg 2048w\" sizes=\"auto, (max-width: 300px) 100vw, 300px\" \/>Samstag, 24. September 2022 \/ 19.00 Uhr<br \/>\nStadtpfarrkirche Mariae Himmelfahrt<\/h5>\n<h5>&nbsp;<\/h5>\n<p>&nbsp;<\/p>\n<p>&nbsp;<\/p>\n<h4>PROGRAMM\u00c4NDERUNG<br \/>\nOrgelwerke der franz\u00f6sischen Romantik<\/h4>\n<div class=\"o9v6fnle cxmmr5t8 oygrvhab hcukyx3x c1et5uql\">&nbsp;<\/div>\n<div>&nbsp;<\/div>\n<p>&nbsp;<\/p>\n<p>Louis VIERNE (1870 &#8211; 1937)<br \/>\nPi\u00e8ces de Fantaisie<br \/>\nop. 54<br \/>\n<i>Carillon de Westminster<\/i><\/p>\n<p>&nbsp;<\/p>\n<p>&nbsp;<\/p>\n<p>C\u00e9sar FRANCK (1822 &#8211; 1890 \/ 200. Geburtsjahr)<br \/>\nAndantino g-Moll<br \/>\nFWV 25<\/p>\n<p>&nbsp;<\/p>\n<p>&nbsp;<\/p>\n<p>L\u00e9on BO\u00cbLLMANN (1862 &#8211; 1897 \/ 125. Todesjahr)<br \/>\nSuite gothique<br \/>\nop. 25<br \/>\n<i>Introduction &#8211; Choral<br \/>\n<\/i><i>Menuet gothique<br \/>\n<\/i><i>Pri\u00e8re \u00e0 Notre-Dame<br \/>\n<\/i><i>Toccata gothique<\/i><\/p>\n<p>&nbsp;<\/p>\n<div>&nbsp;<\/div>\n<p>__________________________________________________<\/p>\n<p><em>Andreas Wiesmann, Orgel<\/em><\/p>\n","protected":false},"excerpt":{"rendered":"<p>Samstag, 24. September 2022 \/ 19.00 Uhr Stadtpfarrkirche Mariae Himmelfahrt &nbsp; &nbsp; &nbsp; PROGRAMM\u00c4NDERUNG Orgelwerke der franz\u00f6sischen Romantik &nbsp; &nbsp; &nbsp; Louis VIERNE (1870 &#8211; 1937) Pi\u00e8ces de Fantaisie op. 54 Carillon de Westminster &nbsp; &nbsp; C\u00e9sar FRANCK (1822 &#8211; 1890 \/ 200. Geburtsjahr) Andantino g-Moll FWV 25 &nbsp; &nbsp; L\u00e9on BO\u00cbLLMANN (1862 &#8211; 1897 \/ 125. Todesjahr) Suite gothique op. 25 Introduction &#8211; Choral Menuet gothique Pri\u00e8re \u00e0 Notre-Dame Toccata gothique &nbsp; &nbsp; __________________________________________________ Andreas Wiesmann, Orgel<\/p>\n","protected":false},"author":1,"featured_media":0,"parent":0,"menu_order":0,"comment_status":"closed","ping_status":"closed","template":"","meta":{"ngg_post_thumbnail":0,"footnotes":""},"class_list":["post-807","page","type-page","status-publish","hentry"],"_links":{"self":[{"href":"http:\/\/www.musik-zum-tagesausklang.de\/index.php?rest_route=\/wp\/v2\/pages\/807","targetHints":{"allow":["GET"]}}],"collection":[{"href":"http:\/\/www.musik-zum-tagesausklang.de\/index.php?rest_route=\/wp\/v2\/pages"}],"about":[{"href":"http:\/\/www.musik-zum-tagesausklang.de\/index.php?rest_route=\/wp\/v2\/types\/page"}],"author":[{"embeddable":true,"href":"http:\/\/www.musik-zum-tagesausklang.de\/index.php?rest_route=\/wp\/v2\/users\/1"}],"replies":[{"embeddable":true,"href":"http:\/\/www.musik-zum-tagesausklang.de\/index.php?rest_route=%2Fwp%2Fv2%2Fcomments&post=807"}],"version-history":[{"count":2,"href":"http:\/\/www.musik-zum-tagesausklang.de\/index.php?rest_route=\/wp\/v2\/pages\/807\/revisions"}],"predecessor-version":[{"id":841,"href":"http:\/\/www.musik-zum-tagesausklang.de\/index.php?rest_route=\/wp\/v2\/pages\/807\/revisions\/841"}],"wp:attachment":[{"href":"http:\/\/www.musik-zum-tagesausklang.de\/index.php?rest_route=%2Fwp%2Fv2%2Fmedia&parent=807"}],"curies":[{"name":"wp","href":"https:\/\/api.w.org\/{rel}","templated":true}]}}

<h5><img loading="lazy" decoding="async" class="alignright size-medium wp-image-728" src="http://www.musik-zum-tagesausklang.de/wp-content/uploads/2021/07/Hauptorgel-MaH-300x200.jpg" alt="" width="300" height="200" srcset="http://www.musik-zum-tagesausklang.de/wp-content/uploads/2021/07/Hauptorgel-MaH-300x200.jpg 300w, http://www.musik-zum-tagesausklang.de/wp-content/uploads/2021/07/Hauptorgel-MaH-1024x683.jpg 1024w, http://www.musik-zum-tagesausklang.de/wp-content/uploads/2021/07/Hauptorgel-MaH-768x512.jpg 768w, http://www.musik-zum-tagesausklang.de/wp-content/uploads/2021/07/Hauptorgel-MaH-1536x1024.jpg 1536w, http://www.musik-zum-tagesausklang.de/wp-content/uploads/2021/07/Hauptorgel-MaH-2048x1365.jpg 2048w" sizes="auto, (max-width: 300px) 100vw, 300px" />Samstag, 24. September 2022 / 19.00 Uhr<br />
Stadtpfarrkirche Mariae Himmelfahrt</h5>
<h5>&nbsp;</h5>
<p>&nbsp;</p>
<p>&nbsp;</p>
<h4>PROGRAMMÄNDERUNG<br />
Orgelwerke der französischen Romantik</h4>
<div class="o9v6fnle cxmmr5t8 oygrvhab hcukyx3x c1et5uql">&nbsp;</div>
<div>&nbsp;</div>
<p>&nbsp;</p>
<p>Louis VIERNE (1870 &#8211; 1937)<br />
Pièces de Fantaisie<br />
op. 54<br />
<i>Carillon de Westminster</i></p>
<p>&nbsp;</p>
<p>&nbsp;</p>
<p>César FRANCK (1822 &#8211; 1890 / 200. Geburtsjahr)<br />
Andantino g-Moll<br />
FWV 25</p>
<p>&nbsp;</p>
<p>&nbsp;</p>
<p>Léon BOËLLMANN (1862 &#8211; 1897 / 125. Todesjahr)<br />
Suite gothique<br />
op. 25<br />
<i>Introduction &#8211; Choral<br />
</i><i>Menuet gothique<br />
</i><i>Prière à Notre-Dame<br />
</i><i>Toccata gothique</i></p>
<p>&nbsp;</p>
<div>&nbsp;</div>
<p>__________________________________________________</p>
<p><em>Andreas Wiesmann, Orgel</em></p>

<p>Samstag, 24. September 2022 / 19.00 Uhr Stadtpfarrkirche Mariae Himmelfahrt &nbsp; &nbsp; &nbsp; PROGRAMMÄNDERUNG Orgelwerke der französischen Romantik &nbsp; &nbsp; &nbsp; Louis VIERNE (1870 &#8211; 1937) Pièces de Fantaisie op. 54 Carillon de Westminster &nbsp; &nbsp; César FRANCK (1822 &#8211; 1890 / 200. Geburtsjahr) Andantino g-Moll FWV 25 &nbsp; &nbsp; Léon BOËLLMANN (1862 &#8211; 1897 / 125. Todesjahr) Suite gothique op. 25 Introduction &#8211; Choral Menuet gothique Prière à Notre-Dame Toccata gothique &nbsp; &nbsp; __________________________________________________ Andreas Wiesmann, Orgel</p>
