{"id":699,"date":"2021-06-04T20:30:04","date_gmt":"2021-06-04T20:30:04","guid":{"rendered":"http:\/\/www.musik-zum-tagesausklang.de\/?page_id=699"},"modified":"2021-07-27T21:08:58","modified_gmt":"2021-07-27T21:08:58","slug":"28-august-2021","status":"publish","type":"page","link":"http:\/\/www.musik-zum-tagesausklang.de\/?page_id=699","title":{"rendered":"28. August 2021"},"content":{"rendered":"<h5><img loading=\"lazy\" decoding=\"async\" class=\"alignright size-medium wp-image-375\" src=\"http:\/\/www.musik-zum-tagesausklang.de\/wp-content\/uploads\/2019\/06\/Wiesmann2019-8-300x300.jpg\" alt=\"\" width=\"300\" height=\"300\" srcset=\"http:\/\/www.musik-zum-tagesausklang.de\/wp-content\/uploads\/2019\/06\/Wiesmann2019-8-300x300.jpg 300w, http:\/\/www.musik-zum-tagesausklang.de\/wp-content\/uploads\/2019\/06\/Wiesmann2019-8-150x150.jpg 150w, http:\/\/www.musik-zum-tagesausklang.de\/wp-content\/uploads\/2019\/06\/Wiesmann2019-8-768x768.jpg 768w, http:\/\/www.musik-zum-tagesausklang.de\/wp-content\/uploads\/2019\/06\/Wiesmann2019-8-1024x1024.jpg 1024w\" sizes=\"auto, (max-width: 300px) 100vw, 300px\" \/>Samstag, 28. August 2021<br \/>\nStadtpfarrkirche \u201eMariae Himmelfahrt\u201c<\/h5>\n<h5>Aufgrund der aktuellen Situation der Corona-Pandemie und den damit verbundenen Beschr\u00e4nkungen kann das Konzert leider nicht live mit Publikum im Kirchenraum stattfinden, sondern ist ab 28. August 2021 \/ 16.00 Uhr als Online-Konzert auf den beiden Homepages<br \/>\nwww.musik-zum-tagesausklang.de und www.pg-schongau.de<br \/>\nverf\u00fcgbar.<\/h5>\n<p>&nbsp;<\/p>\n<h4>&nbsp;<\/h4>\n<p>&nbsp;<\/p>\n<h4>Orgelmusik der franz\u00f6sischen Romantik<\/h4>\n<div class=\"o9v6fnle cxmmr5t8 oygrvhab hcukyx3x c1et5uql\">&nbsp;<\/div>\n<div>&nbsp;<\/div>\n<p>F\u00e9lix Alexandre GUILMANT<br \/>\n(1837 &#8211; 1911)<br \/>\nOrgelsonate Nr. 1 d-Moll<br \/>\nop. 42<br \/>\n<em>&#8211; Introduction et Allegro<\/em><br \/>\n<em>&#8211; Pastorale (Andante quasi Allegretto)<\/em><br \/>\n<em>&#8211; Final (Allegro assa<\/em>i)<\/p>\n<div>&nbsp;<\/div>\n<p>__________________________________________________<\/p>\n<p><em>Andreas Wiesmann, Orgel<\/em><\/p>\n","protected":false},"excerpt":{"rendered":"<p>Samstag, 28. August 2021 Stadtpfarrkirche \u201eMariae Himmelfahrt\u201c Aufgrund der aktuellen Situation der Corona-Pandemie und den damit verbundenen Beschr\u00e4nkungen kann das Konzert leider nicht live mit Publikum im Kirchenraum stattfinden, sondern ist ab 28. August 2021 \/ 16.00 Uhr als Online-Konzert auf den beiden Homepages www.musik-zum-tagesausklang.de und www.pg-schongau.de verf\u00fcgbar. &nbsp; &nbsp; &nbsp; Orgelmusik der franz\u00f6sischen Romantik &nbsp; &nbsp; F\u00e9lix Alexandre GUILMANT (1837 &#8211; 1911) Orgelsonate Nr. 1 d-Moll op. 42 &#8211; Introduction et Allegro &#8211; Pastorale (Andante quasi Allegretto) &#8211; Final &hellip; <\/p>\n","protected":false},"author":1,"featured_media":0,"parent":0,"menu_order":0,"comment_status":"closed","ping_status":"closed","template":"","meta":{"ngg_post_thumbnail":0,"footnotes":""},"class_list":["post-699","page","type-page","status-publish","hentry"],"_links":{"self":[{"href":"http:\/\/www.musik-zum-tagesausklang.de\/index.php?rest_route=\/wp\/v2\/pages\/699","targetHints":{"allow":["GET"]}}],"collection":[{"href":"http:\/\/www.musik-zum-tagesausklang.de\/index.php?rest_route=\/wp\/v2\/pages"}],"about":[{"href":"http:\/\/www.musik-zum-tagesausklang.de\/index.php?rest_route=\/wp\/v2\/types\/page"}],"author":[{"embeddable":true,"href":"http:\/\/www.musik-zum-tagesausklang.de\/index.php?rest_route=\/wp\/v2\/users\/1"}],"replies":[{"embeddable":true,"href":"http:\/\/www.musik-zum-tagesausklang.de\/index.php?rest_route=%2Fwp%2Fv2%2Fcomments&post=699"}],"version-history":[{"count":3,"href":"http:\/\/www.musik-zum-tagesausklang.de\/index.php?rest_route=\/wp\/v2\/pages\/699\/revisions"}],"predecessor-version":[{"id":750,"href":"http:\/\/www.musik-zum-tagesausklang.de\/index.php?rest_route=\/wp\/v2\/pages\/699\/revisions\/750"}],"wp:attachment":[{"href":"http:\/\/www.musik-zum-tagesausklang.de\/index.php?rest_route=%2Fwp%2Fv2%2Fmedia&parent=699"}],"curies":[{"name":"wp","href":"https:\/\/api.w.org\/{rel}","templated":true}]}}

<h5><img loading="lazy" decoding="async" class="alignright size-medium wp-image-375" src="http://www.musik-zum-tagesausklang.de/wp-content/uploads/2019/06/Wiesmann2019-8-300x300.jpg" alt="" width="300" height="300" srcset="http://www.musik-zum-tagesausklang.de/wp-content/uploads/2019/06/Wiesmann2019-8-300x300.jpg 300w, http://www.musik-zum-tagesausklang.de/wp-content/uploads/2019/06/Wiesmann2019-8-150x150.jpg 150w, http://www.musik-zum-tagesausklang.de/wp-content/uploads/2019/06/Wiesmann2019-8-768x768.jpg 768w, http://www.musik-zum-tagesausklang.de/wp-content/uploads/2019/06/Wiesmann2019-8-1024x1024.jpg 1024w" sizes="auto, (max-width: 300px) 100vw, 300px" />Samstag, 28. August 2021<br />
Stadtpfarrkirche „Mariae Himmelfahrt“</h5>
<h5>Aufgrund der aktuellen Situation der Corona-Pandemie und den damit verbundenen Beschränkungen kann das Konzert leider nicht live mit Publikum im Kirchenraum stattfinden, sondern ist ab 28. August 2021 / 16.00 Uhr als Online-Konzert auf den beiden Homepages<br />
www.musik-zum-tagesausklang.de und www.pg-schongau.de<br />
verfügbar.</h5>
<p>&nbsp;</p>
<h4>&nbsp;</h4>
<p>&nbsp;</p>
<h4>Orgelmusik der französischen Romantik</h4>
<div class="o9v6fnle cxmmr5t8 oygrvhab hcukyx3x c1et5uql">&nbsp;</div>
<div>&nbsp;</div>
<p>Félix Alexandre GUILMANT<br />
(1837 &#8211; 1911)<br />
Orgelsonate Nr. 1 d-Moll<br />
op. 42<br />
<em>&#8211; Introduction et Allegro</em><br />
<em>&#8211; Pastorale (Andante quasi Allegretto)</em><br />
<em>&#8211; Final (Allegro assa</em>i)</p>
<div>&nbsp;</div>
<p>__________________________________________________</p>
<p><em>Andreas Wiesmann, Orgel</em></p>

<p>Samstag, 28. August 2021 Stadtpfarrkirche „Mariae Himmelfahrt“ Aufgrund der aktuellen Situation der Corona-Pandemie und den damit verbundenen Beschränkungen kann das Konzert leider nicht live mit Publikum im Kirchenraum stattfinden, sondern ist ab 28. August 2021 / 16.00 Uhr als Online-Konzert auf den beiden Homepages www.musik-zum-tagesausklang.de und www.pg-schongau.de verfügbar. &nbsp; &nbsp; &nbsp; Orgelmusik der französischen Romantik &nbsp; &nbsp; Félix Alexandre GUILMANT (1837 &#8211; 1911) Orgelsonate Nr. 1 d-Moll op. 42 &#8211; Introduction et Allegro &#8211; Pastorale (Andante quasi Allegretto) &#8211; Final &hellip; </p>
