{"id":640,"date":"2021-01-15T20:19:31","date_gmt":"2021-01-15T20:19:31","guid":{"rendered":"http:\/\/www.musik-zum-tagesausklang.de\/?page_id=640"},"modified":"2021-03-11T21:08:49","modified_gmt":"2021-03-11T21:08:49","slug":"27-maerz-2021","status":"publish","type":"page","link":"http:\/\/www.musik-zum-tagesausklang.de\/?page_id=640","title":{"rendered":"27. M\u00e4rz 2021"},"content":{"rendered":"<h5>Samstag, 27. M\u00e4rz 2021<img loading=\"lazy\" decoding=\"async\" class=\"alignright wp-image-642 size-medium\" src=\"http:\/\/www.musik-zum-tagesausklang.de\/wp-content\/uploads\/2021\/01\/DSC00139-300x200.jpg\" alt=\"\" width=\"300\" height=\"200\" srcset=\"http:\/\/www.musik-zum-tagesausklang.de\/wp-content\/uploads\/2021\/01\/DSC00139-300x200.jpg 300w, http:\/\/www.musik-zum-tagesausklang.de\/wp-content\/uploads\/2021\/01\/DSC00139-768x512.jpg 768w, http:\/\/www.musik-zum-tagesausklang.de\/wp-content\/uploads\/2021\/01\/DSC00139-2048x1365.jpg 2048w\" sizes=\"auto, (max-width: 300px) 100vw, 300px\" \/><br \/>\nStadtpfarrkirche \u201eMariae Himmelfahrt\u201c<\/h5>\n<h5>Aufgrund der aktuellen Situation der Corona-Pandemie und den damit verbundenen Beschr\u00e4nkungen kann das Konzert leider nicht live mit Publikum im Kirchenraum stattfinden, sondern ist ab 27. M\u00e4rz 2021 als Online-Konzert auf den beiden Homepages<br \/>\nwww.musik-zum-tagesausklang.de und www.pg-schongau.de<br \/>\nverf\u00fcgbar.<\/h5>\n<p>&nbsp;<\/p>\n<h4>Orgelwerke von Max Reger<br \/>\nEin musikalischer Gang durch die Karwoche<\/h4>\n<p>&nbsp;<\/p>\n<div class=\"o9v6fnle cxmmr5t8 oygrvhab hcukyx3x c1et5uql\">Max Reger (1873-1916)<\/div>\n<div class=\"o9v6fnle cxmmr5t8 oygrvhab hcukyx3x c1et5uql\">&nbsp;<\/div>\n<div class=\"o9v6fnle cxmmr5t8 oygrvhab hcukyx3x c1et5uql\">Passion op. 145\/4<\/div>\n<div class=\"o9v6fnle cxmmr5t8 oygrvhab hcukyx3x c1et5uql\">&nbsp;<\/div>\n<div class=\"o9v6fnle cxmmr5t8 oygrvhab hcukyx3x c1et5uql\">Choralvorspiele aus op. 67<\/div>\n<div class=\"o9v6fnle cxmmr5t8 oygrvhab hcukyx3x c1et5uql\">&#8211; Lobe den Herren, den m\u00e4chtigen K\u00f6nig der Ehren<br \/>\n(Palmsonntag)<\/div>\n<div class=\"o9v6fnle cxmmr5t8 oygrvhab hcukyx3x c1et5uql\">&#8211; Beim letzten Abendmahle \/ Christus, der ist mein Leben<br \/>\n(Gr\u00fcndonnerstag)<\/div>\n<div class=\"o9v6fnle cxmmr5t8 oygrvhab hcukyx3x c1et5uql\">&#8211; O Haupt voll Blut und Wunden \/ Herzlich tut mich verlangen<br \/>\n&#8211; O Lamm Gottes, unschuldig<br \/>\n(Karfreitag)<\/div>\n<div class=\"o9v6fnle cxmmr5t8 oygrvhab hcukyx3x c1et5uql\">&nbsp;<\/div>\n<div class=\"o9v6fnle cxmmr5t8 oygrvhab hcukyx3x c1et5uql\">Introduktion und Passacaglia d-Moll<\/div>\n<div>&nbsp;<\/div>\n<div>\n<div>&nbsp;<\/div>\n<p>__________________________________________________<\/p>\n<p><em>Stadtpfarrer Norbert Marxer, Textbeitr\u00e4ge<br \/>\nAndreas Wiesmann, Orgel<\/em><\/p>\n<\/div>\n","protected":false},"excerpt":{"rendered":"<p>Samstag, 27. M\u00e4rz 2021 Stadtpfarrkirche \u201eMariae Himmelfahrt\u201c Aufgrund der aktuellen Situation der Corona-Pandemie und den damit verbundenen Beschr\u00e4nkungen kann das Konzert leider nicht live mit Publikum im Kirchenraum stattfinden, sondern ist ab 27. M\u00e4rz 2021 als Online-Konzert auf den beiden Homepages www.musik-zum-tagesausklang.de und www.pg-schongau.de verf\u00fcgbar. &nbsp; Orgelwerke von Max Reger Ein musikalischer Gang durch die Karwoche &nbsp; Max Reger (1873-1916) &nbsp; Passion op. 145\/4 &nbsp; Choralvorspiele aus op. 67 &#8211; Lobe den Herren, den m\u00e4chtigen K\u00f6nig der Ehren (Palmsonntag) &#8211; &hellip; <\/p>\n","protected":false},"author":1,"featured_media":0,"parent":0,"menu_order":0,"comment_status":"closed","ping_status":"closed","template":"","meta":{"ngg_post_thumbnail":0,"footnotes":""},"class_list":["post-640","page","type-page","status-publish","hentry"],"_links":{"self":[{"href":"http:\/\/www.musik-zum-tagesausklang.de\/index.php?rest_route=\/wp\/v2\/pages\/640","targetHints":{"allow":["GET"]}}],"collection":[{"href":"http:\/\/www.musik-zum-tagesausklang.de\/index.php?rest_route=\/wp\/v2\/pages"}],"about":[{"href":"http:\/\/www.musik-zum-tagesausklang.de\/index.php?rest_route=\/wp\/v2\/types\/page"}],"author":[{"embeddable":true,"href":"http:\/\/www.musik-zum-tagesausklang.de\/index.php?rest_route=\/wp\/v2\/users\/1"}],"replies":[{"embeddable":true,"href":"http:\/\/www.musik-zum-tagesausklang.de\/index.php?rest_route=%2Fwp%2Fv2%2Fcomments&post=640"}],"version-history":[{"count":6,"href":"http:\/\/www.musik-zum-tagesausklang.de\/index.php?rest_route=\/wp\/v2\/pages\/640\/revisions"}],"predecessor-version":[{"id":673,"href":"http:\/\/www.musik-zum-tagesausklang.de\/index.php?rest_route=\/wp\/v2\/pages\/640\/revisions\/673"}],"wp:attachment":[{"href":"http:\/\/www.musik-zum-tagesausklang.de\/index.php?rest_route=%2Fwp%2Fv2%2Fmedia&parent=640"}],"curies":[{"name":"wp","href":"https:\/\/api.w.org\/{rel}","templated":true}]}}

27. März 2021

<h5>Samstag, 27. März 2021<img loading="lazy" decoding="async" class="alignright wp-image-642 size-medium" src="http://www.musik-zum-tagesausklang.de/wp-content/uploads/2021/01/DSC00139-300x200.jpg" alt="" width="300" height="200" srcset="http://www.musik-zum-tagesausklang.de/wp-content/uploads/2021/01/DSC00139-300x200.jpg 300w, http://www.musik-zum-tagesausklang.de/wp-content/uploads/2021/01/DSC00139-768x512.jpg 768w, http://www.musik-zum-tagesausklang.de/wp-content/uploads/2021/01/DSC00139-2048x1365.jpg 2048w" sizes="auto, (max-width: 300px) 100vw, 300px" /><br />
Stadtpfarrkirche „Mariae Himmelfahrt“</h5>
<h5>Aufgrund der aktuellen Situation der Corona-Pandemie und den damit verbundenen Beschränkungen kann das Konzert leider nicht live mit Publikum im Kirchenraum stattfinden, sondern ist ab 27. März 2021 als Online-Konzert auf den beiden Homepages<br />
www.musik-zum-tagesausklang.de und www.pg-schongau.de<br />
verfügbar.</h5>
<p>&nbsp;</p>
<h4>Orgelwerke von Max Reger<br />
Ein musikalischer Gang durch die Karwoche</h4>
<p>&nbsp;</p>
<div class="o9v6fnle cxmmr5t8 oygrvhab hcukyx3x c1et5uql">Max Reger (1873-1916)</div>
<div class="o9v6fnle cxmmr5t8 oygrvhab hcukyx3x c1et5uql">&nbsp;</div>
<div class="o9v6fnle cxmmr5t8 oygrvhab hcukyx3x c1et5uql">Passion op. 145/4</div>
<div class="o9v6fnle cxmmr5t8 oygrvhab hcukyx3x c1et5uql">&nbsp;</div>
<div class="o9v6fnle cxmmr5t8 oygrvhab hcukyx3x c1et5uql">Choralvorspiele aus op. 67</div>
<div class="o9v6fnle cxmmr5t8 oygrvhab hcukyx3x c1et5uql">&#8211; Lobe den Herren, den mächtigen König der Ehren<br />
(Palmsonntag)</div>
<div class="o9v6fnle cxmmr5t8 oygrvhab hcukyx3x c1et5uql">&#8211; Beim letzten Abendmahle / Christus, der ist mein Leben<br />
(Gründonnerstag)</div>
<div class="o9v6fnle cxmmr5t8 oygrvhab hcukyx3x c1et5uql">&#8211; O Haupt voll Blut und Wunden / Herzlich tut mich verlangen<br />
&#8211; O Lamm Gottes, unschuldig<br />
(Karfreitag)</div>
<div class="o9v6fnle cxmmr5t8 oygrvhab hcukyx3x c1et5uql">&nbsp;</div>
<div class="o9v6fnle cxmmr5t8 oygrvhab hcukyx3x c1et5uql">Introduktion und Passacaglia d-Moll</div>
<div>&nbsp;</div>
<div>
<div>&nbsp;</div>
<p>__________________________________________________</p>
<p><em>Stadtpfarrer Norbert Marxer, Textbeiträge<br />
Andreas Wiesmann, Orgel</em></p>
</div>

<p>Samstag, 27. März 2021 Stadtpfarrkirche „Mariae Himmelfahrt“ Aufgrund der aktuellen Situation der Corona-Pandemie und den damit verbundenen Beschränkungen kann das Konzert leider nicht live mit Publikum im Kirchenraum stattfinden, sondern ist ab 27. März 2021 als Online-Konzert auf den beiden Homepages www.musik-zum-tagesausklang.de und www.pg-schongau.de verfügbar. &nbsp; Orgelwerke von Max Reger Ein musikalischer Gang durch die Karwoche &nbsp; Max Reger (1873-1916) &nbsp; Passion op. 145/4 &nbsp; Choralvorspiele aus op. 67 &#8211; Lobe den Herren, den mächtigen König der Ehren (Palmsonntag) &#8211; &hellip; </p>
