{"id":586,"date":"2020-07-03T14:16:12","date_gmt":"2020-07-03T14:16:12","guid":{"rendered":"http:\/\/www.musik-zum-tagesausklang.de\/?page_id=586"},"modified":"2020-07-03T20:25:29","modified_gmt":"2020-07-03T20:25:29","slug":"18-juli-2020-2","status":"publish","type":"page","link":"http:\/\/www.musik-zum-tagesausklang.de\/?page_id=586","title":{"rendered":"18. Juli 2020"},"content":{"rendered":"<h5>Samstag, 18. Juli 2020 \/ 19.00 Uhr<img loading=\"lazy\" decoding=\"async\" class=\"wp-image-374 size-medium alignright\" src=\"http:\/\/www.musik-zum-tagesausklang.de\/wp-content\/uploads\/2019\/06\/Wiesmann2019-7-226x300.jpg\" alt=\"\" width=\"226\" height=\"300\" srcset=\"http:\/\/www.musik-zum-tagesausklang.de\/wp-content\/uploads\/2019\/06\/Wiesmann2019-7-226x300.jpg 226w, http:\/\/www.musik-zum-tagesausklang.de\/wp-content\/uploads\/2019\/06\/Wiesmann2019-7-768x1018.jpg 768w, http:\/\/www.musik-zum-tagesausklang.de\/wp-content\/uploads\/2019\/06\/Wiesmann2019-7-773x1024.jpg 773w\" sizes=\"auto, (max-width: 226px) 100vw, 226px\" \/><br \/>\nStadtpfarrkirche \u201eMariae Himmelfahrt\u201c<\/h5>\n<h4>PROGRAMM\u00c4NDERUNG<\/h4>\n<p>Aufgrund der derzeitigen Situation kann das Konzert leider noch nicht vor Publikum im Kirchenraum stattfinden, sondern ist ab dem oben genannten Termin online auf den beiden Homepages www.pg-schongau.de und www.musik-zum-tagesausklang.de zu sehen und zu h\u00f6ren.<\/p>\n<h4>Orgelmusik zum 250. Geburtsjahr<br \/>\nvon Ludwig van Beethoven<\/h4>\n<p>&nbsp;<\/p>\n<div class=\"o9v6fnle cxmmr5t8 oygrvhab hcukyx3x c1et5uql\">CHORORGEL<\/div>\n<div>&nbsp;<\/div>\n<div class=\"o9v6fnle cxmmr5t8 oygrvhab hcukyx3x c1et5uql\">Ludwig van BEETHOVEN<br \/>\n(1770 &#8211; 1827)<br \/>\nFl\u00f6tenuhr-St\u00fccke<br \/>\nWoO 33<br \/>\n<em>&#8211; Allegro in G<\/em><br \/>\n<em>&#8211; Allegro non pi\u00f9 molto in C<\/em><\/div>\n<div>&nbsp;<\/div>\n<div>&nbsp;<\/div>\n<div class=\"o9v6fnle cxmmr5t8 oygrvhab hcukyx3x c1et5uql\">HAUPTORGEL<\/div>\n<div>&nbsp;<\/div>\n<div class=\"o9v6fnle cxmmr5t8 oygrvhab hcukyx3x c1et5uql\">Marcel DUPR\u00c9<br \/>\n(1886 &#8211; 1971)<br \/>\nParaphrase \u00fcber eine Melodie von Beethoven:<br \/>\nDie Himmel r\u00fchmen des Ewigen Ehre<\/div>\n<div>&nbsp;<\/div>\n<div class=\"o9v6fnle cxmmr5t8 oygrvhab hcukyx3x c1et5uql\">F\u00e9lix Alexandre GUILMANT<br \/>\n(1837 &#8211; 1911)<br \/>\nOrgelsonate Nr. 2 D-Dur<br \/>\nop. 50<br \/>\n<em>&#8211; Allegro moderato<\/em><br \/>\n<em>&#8211; Larghetto<\/em><br \/>\n<em>&#8211; Allegro vivace<\/em><\/div>\n<div>&nbsp;<\/div>\n<p>__________________________________________________<\/p>\n<p><em>Andreas Wiesmann, Orgel<\/em><\/p>\n","protected":false},"excerpt":{"rendered":"<p>Samstag, 18. Juli 2020 \/ 19.00 Uhr Stadtpfarrkirche \u201eMariae Himmelfahrt\u201c PROGRAMM\u00c4NDERUNG Aufgrund der derzeitigen Situation kann das Konzert leider noch nicht vor Publikum im Kirchenraum stattfinden, sondern ist ab dem oben genannten Termin online auf den beiden Homepages www.pg-schongau.de und www.musik-zum-tagesausklang.de zu sehen und zu h\u00f6ren. Orgelmusik zum 250. Geburtsjahr von Ludwig van Beethoven &nbsp; CHORORGEL &nbsp; Ludwig van BEETHOVEN (1770 &#8211; 1827) Fl\u00f6tenuhr-St\u00fccke WoO 33 &#8211; Allegro in G &#8211; Allegro non pi\u00f9 molto in C &nbsp; &nbsp; HAUPTORGEL &hellip; <\/p>\n","protected":false},"author":1,"featured_media":0,"parent":0,"menu_order":0,"comment_status":"closed","ping_status":"closed","template":"","meta":{"ngg_post_thumbnail":0,"footnotes":""},"class_list":["post-586","page","type-page","status-publish","hentry"],"_links":{"self":[{"href":"http:\/\/www.musik-zum-tagesausklang.de\/index.php?rest_route=\/wp\/v2\/pages\/586","targetHints":{"allow":["GET"]}}],"collection":[{"href":"http:\/\/www.musik-zum-tagesausklang.de\/index.php?rest_route=\/wp\/v2\/pages"}],"about":[{"href":"http:\/\/www.musik-zum-tagesausklang.de\/index.php?rest_route=\/wp\/v2\/types\/page"}],"author":[{"embeddable":true,"href":"http:\/\/www.musik-zum-tagesausklang.de\/index.php?rest_route=\/wp\/v2\/users\/1"}],"replies":[{"embeddable":true,"href":"http:\/\/www.musik-zum-tagesausklang.de\/index.php?rest_route=%2Fwp%2Fv2%2Fcomments&post=586"}],"version-history":[{"count":5,"href":"http:\/\/www.musik-zum-tagesausklang.de\/index.php?rest_route=\/wp\/v2\/pages\/586\/revisions"}],"predecessor-version":[{"id":595,"href":"http:\/\/www.musik-zum-tagesausklang.de\/index.php?rest_route=\/wp\/v2\/pages\/586\/revisions\/595"}],"wp:attachment":[{"href":"http:\/\/www.musik-zum-tagesausklang.de\/index.php?rest_route=%2Fwp%2Fv2%2Fmedia&parent=586"}],"curies":[{"name":"wp","href":"https:\/\/api.w.org\/{rel}","templated":true}]}}

<h5>Samstag, 18. Juli 2020 / 19.00 Uhr<img loading="lazy" decoding="async" class="wp-image-374 size-medium alignright" src="http://www.musik-zum-tagesausklang.de/wp-content/uploads/2019/06/Wiesmann2019-7-226x300.jpg" alt="" width="226" height="300" srcset="http://www.musik-zum-tagesausklang.de/wp-content/uploads/2019/06/Wiesmann2019-7-226x300.jpg 226w, http://www.musik-zum-tagesausklang.de/wp-content/uploads/2019/06/Wiesmann2019-7-768x1018.jpg 768w, http://www.musik-zum-tagesausklang.de/wp-content/uploads/2019/06/Wiesmann2019-7-773x1024.jpg 773w" sizes="auto, (max-width: 226px) 100vw, 226px" /><br />
Stadtpfarrkirche „Mariae Himmelfahrt“</h5>
<h4>PROGRAMMÄNDERUNG</h4>
<p>Aufgrund der derzeitigen Situation kann das Konzert leider noch nicht vor Publikum im Kirchenraum stattfinden, sondern ist ab dem oben genannten Termin online auf den beiden Homepages www.pg-schongau.de und www.musik-zum-tagesausklang.de zu sehen und zu hören.</p>
<h4>Orgelmusik zum 250. Geburtsjahr<br />
von Ludwig van Beethoven</h4>
<p>&nbsp;</p>
<div class="o9v6fnle cxmmr5t8 oygrvhab hcukyx3x c1et5uql">CHORORGEL</div>
<div>&nbsp;</div>
<div class="o9v6fnle cxmmr5t8 oygrvhab hcukyx3x c1et5uql">Ludwig van BEETHOVEN<br />
(1770 &#8211; 1827)<br />
Flötenuhr-Stücke<br />
WoO 33<br />
<em>&#8211; Allegro in G</em><br />
<em>&#8211; Allegro non più molto in C</em></div>
<div>&nbsp;</div>
<div>&nbsp;</div>
<div class="o9v6fnle cxmmr5t8 oygrvhab hcukyx3x c1et5uql">HAUPTORGEL</div>
<div>&nbsp;</div>
<div class="o9v6fnle cxmmr5t8 oygrvhab hcukyx3x c1et5uql">Marcel DUPRÉ<br />
(1886 &#8211; 1971)<br />
Paraphrase über eine Melodie von Beethoven:<br />
Die Himmel rühmen des Ewigen Ehre</div>
<div>&nbsp;</div>
<div class="o9v6fnle cxmmr5t8 oygrvhab hcukyx3x c1et5uql">Félix Alexandre GUILMANT<br />
(1837 &#8211; 1911)<br />
Orgelsonate Nr. 2 D-Dur<br />
op. 50<br />
<em>&#8211; Allegro moderato</em><br />
<em>&#8211; Larghetto</em><br />
<em>&#8211; Allegro vivace</em></div>
<div>&nbsp;</div>
<p>__________________________________________________</p>
<p><em>Andreas Wiesmann, Orgel</em></p>

<p>Samstag, 18. Juli 2020 / 19.00 Uhr Stadtpfarrkirche „Mariae Himmelfahrt“ PROGRAMMÄNDERUNG Aufgrund der derzeitigen Situation kann das Konzert leider noch nicht vor Publikum im Kirchenraum stattfinden, sondern ist ab dem oben genannten Termin online auf den beiden Homepages www.pg-schongau.de und www.musik-zum-tagesausklang.de zu sehen und zu hören. Orgelmusik zum 250. Geburtsjahr von Ludwig van Beethoven &nbsp; CHORORGEL &nbsp; Ludwig van BEETHOVEN (1770 &#8211; 1827) Flötenuhr-Stücke WoO 33 &#8211; Allegro in G &#8211; Allegro non più molto in C &nbsp; &nbsp; HAUPTORGEL &hellip; </p>
