{"id":548,"date":"2020-04-06T07:57:35","date_gmt":"2020-04-06T07:57:35","guid":{"rendered":"http:\/\/www.musik-zum-tagesausklang.de\/?page_id=548"},"modified":"2020-04-18T07:23:19","modified_gmt":"2020-04-18T07:23:19","slug":"25-april-2020-2","status":"publish","type":"page","link":"http:\/\/www.musik-zum-tagesausklang.de\/?page_id=548","title":{"rendered":"25. April 2020"},"content":{"rendered":"<h5>Samstag, 25. April 2020 \/ 19.00 Uhr<img loading=\"lazy\" decoding=\"async\" class=\"wp-image-374 size-medium alignright\" src=\"http:\/\/www.musik-zum-tagesausklang.de\/wp-content\/uploads\/2019\/06\/Wiesmann2019-7-226x300.jpg\" alt=\"\" width=\"226\" height=\"300\" srcset=\"http:\/\/www.musik-zum-tagesausklang.de\/wp-content\/uploads\/2019\/06\/Wiesmann2019-7-226x300.jpg 226w, http:\/\/www.musik-zum-tagesausklang.de\/wp-content\/uploads\/2019\/06\/Wiesmann2019-7-768x1018.jpg 768w, http:\/\/www.musik-zum-tagesausklang.de\/wp-content\/uploads\/2019\/06\/Wiesmann2019-7-773x1024.jpg 773w\" sizes=\"auto, (max-width: 226px) 100vw, 226px\" \/><br \/>\nStadtpfarrkirche \u201eMariae Himmelfahrt\u201c<\/h5>\n<p>&nbsp;<\/p>\n<p>HINWEIS:<br \/>\nAufgrund der aktuellen Situation muss dieses Konzert leider als \u00f6ffentliche Veranstaltung ENTFALLEN!<br \/>\nDas urspr\u00fcnglich vorgesehene Programm (Biblische Lieder op. 99 von Anton\u00edn Dvo\u0159\u00e1k) holen wir zu einem sp\u00e4teren Zeitpunkt nach.<br \/>\nDer Termin wird rechtzeitig bekannt gegeben.<\/p>\n<p>Dennoch m\u00f6chten wir Ihnen die Gelegenheit geben, die \u201eMusik zum Tagesausklang\u201c auch in diesem Monat miterleben zu k\u00f6nnen.<br \/>\nDaher laden wir Sie ganz herzlich ein, uns am Konzerttermin 25. April \/ 19.00 Uhr auf folgender Seite zu besuchen: <a href=\"http:\/\/www.musik-zum-tagesausklang.de\/?page_id=527\">http:\/\/www.musik-zum-tagesausklang.de\/?page_id=527<\/a><br \/>\nHier zeigen wir Ihnen als Ersatz folgendes Programm per Video aus der Stadtpfarrkirche:<\/p>\n<p>&nbsp;<\/p>\n<h4>Orgelwerke von Johann Sebastian Bach<br \/>\nund Franz Liszt<\/h4>\n<p>&nbsp;<\/p>\n<p>Johann Sebastian BACH<br \/>\n(1685 &#8211; 1750)<br \/>\nToccata und Fuge F-Dur<br \/>\nBWV 540<\/p>\n<p>&nbsp;<\/p>\n<p>Johann Sebastian BACH<br \/>\n(1685 &#8211; 1750)<br \/>\n\u201eSch\u00fcbler-Chor\u00e4le\u201c<br \/>\n<em>Wer nur den lieben Gott l\u00e4sst walten BWV 647<\/em><br \/>\n<em>Meine Seel erhebt den Herren BWV 648<\/em><br \/>\n<em>Ach bleib bei uns, Herr Jesu Christ BWV 649<\/em><\/p>\n<p>&nbsp;<\/p>\n<p>Franz LISZT<br \/>\n(1811 &#8211; 1886)<br \/>\nPr\u00e4ludium und Fuge \u00fcber den Namen B-A-C-H<\/p>\n<p>&nbsp;<\/p>\n<p>__________________________________________________<\/p>\n<p><em>Andreas Wiesmann, Orgel<\/em><\/p>\n","protected":false},"excerpt":{"rendered":"<p>Samstag, 25. April 2020 \/ 19.00 Uhr Stadtpfarrkirche \u201eMariae Himmelfahrt\u201c &nbsp; HINWEIS: Aufgrund der aktuellen Situation muss dieses Konzert leider als \u00f6ffentliche Veranstaltung ENTFALLEN! Das urspr\u00fcnglich vorgesehene Programm (Biblische Lieder op. 99 von Anton\u00edn Dvo\u0159\u00e1k) holen wir zu einem sp\u00e4teren Zeitpunkt nach. Der Termin wird rechtzeitig bekannt gegeben. Dennoch m\u00f6chten wir Ihnen die Gelegenheit geben, die \u201eMusik zum Tagesausklang\u201c auch in diesem Monat miterleben zu k\u00f6nnen. Daher laden wir Sie ganz herzlich ein, uns am Konzerttermin 25. April \/ 19.00 &hellip; <\/p>\n","protected":false},"author":1,"featured_media":0,"parent":0,"menu_order":0,"comment_status":"closed","ping_status":"closed","template":"","meta":{"ngg_post_thumbnail":0,"footnotes":""},"class_list":["post-548","page","type-page","status-publish","hentry"],"_links":{"self":[{"href":"http:\/\/www.musik-zum-tagesausklang.de\/index.php?rest_route=\/wp\/v2\/pages\/548","targetHints":{"allow":["GET"]}}],"collection":[{"href":"http:\/\/www.musik-zum-tagesausklang.de\/index.php?rest_route=\/wp\/v2\/pages"}],"about":[{"href":"http:\/\/www.musik-zum-tagesausklang.de\/index.php?rest_route=\/wp\/v2\/types\/page"}],"author":[{"embeddable":true,"href":"http:\/\/www.musik-zum-tagesausklang.de\/index.php?rest_route=\/wp\/v2\/users\/1"}],"replies":[{"embeddable":true,"href":"http:\/\/www.musik-zum-tagesausklang.de\/index.php?rest_route=%2Fwp%2Fv2%2Fcomments&post=548"}],"version-history":[{"count":6,"href":"http:\/\/www.musik-zum-tagesausklang.de\/index.php?rest_route=\/wp\/v2\/pages\/548\/revisions"}],"predecessor-version":[{"id":557,"href":"http:\/\/www.musik-zum-tagesausklang.de\/index.php?rest_route=\/wp\/v2\/pages\/548\/revisions\/557"}],"wp:attachment":[{"href":"http:\/\/www.musik-zum-tagesausklang.de\/index.php?rest_route=%2Fwp%2Fv2%2Fmedia&parent=548"}],"curies":[{"name":"wp","href":"https:\/\/api.w.org\/{rel}","templated":true}]}}

<h5>Samstag, 25. April 2020 / 19.00 Uhr<img loading="lazy" decoding="async" class="wp-image-374 size-medium alignright" src="http://www.musik-zum-tagesausklang.de/wp-content/uploads/2019/06/Wiesmann2019-7-226x300.jpg" alt="" width="226" height="300" srcset="http://www.musik-zum-tagesausklang.de/wp-content/uploads/2019/06/Wiesmann2019-7-226x300.jpg 226w, http://www.musik-zum-tagesausklang.de/wp-content/uploads/2019/06/Wiesmann2019-7-768x1018.jpg 768w, http://www.musik-zum-tagesausklang.de/wp-content/uploads/2019/06/Wiesmann2019-7-773x1024.jpg 773w" sizes="auto, (max-width: 226px) 100vw, 226px" /><br />
Stadtpfarrkirche „Mariae Himmelfahrt“</h5>
<p>&nbsp;</p>
<p>HINWEIS:<br />
Aufgrund der aktuellen Situation muss dieses Konzert leider als öffentliche Veranstaltung ENTFALLEN!<br />
Das ursprünglich vorgesehene Programm (Biblische Lieder op. 99 von Antonín Dvořák) holen wir zu einem späteren Zeitpunkt nach.<br />
Der Termin wird rechtzeitig bekannt gegeben.</p>
<p>Dennoch möchten wir Ihnen die Gelegenheit geben, die „Musik zum Tagesausklang“ auch in diesem Monat miterleben zu können.<br />
Daher laden wir Sie ganz herzlich ein, uns am Konzerttermin 25. April / 19.00 Uhr auf folgender Seite zu besuchen: <a href="http://www.musik-zum-tagesausklang.de/?page_id=527">http://www.musik-zum-tagesausklang.de/?page_id=527</a><br />
Hier zeigen wir Ihnen als Ersatz folgendes Programm per Video aus der Stadtpfarrkirche:</p>
<p>&nbsp;</p>
<h4>Orgelwerke von Johann Sebastian Bach<br />
und Franz Liszt</h4>
<p>&nbsp;</p>
<p>Johann Sebastian BACH<br />
(1685 &#8211; 1750)<br />
Toccata und Fuge F-Dur<br />
BWV 540</p>
<p>&nbsp;</p>
<p>Johann Sebastian BACH<br />
(1685 &#8211; 1750)<br />
„Schübler-Choräle“<br />
<em>Wer nur den lieben Gott lässt walten BWV 647</em><br />
<em>Meine Seel erhebt den Herren BWV 648</em><br />
<em>Ach bleib bei uns, Herr Jesu Christ BWV 649</em></p>
<p>&nbsp;</p>
<p>Franz LISZT<br />
(1811 &#8211; 1886)<br />
Präludium und Fuge über den Namen B-A-C-H</p>
<p>&nbsp;</p>
<p>__________________________________________________</p>
<p><em>Andreas Wiesmann, Orgel</em></p>

<p>Samstag, 25. April 2020 / 19.00 Uhr Stadtpfarrkirche „Mariae Himmelfahrt“ &nbsp; HINWEIS: Aufgrund der aktuellen Situation muss dieses Konzert leider als öffentliche Veranstaltung ENTFALLEN! Das ursprünglich vorgesehene Programm (Biblische Lieder op. 99 von Antonín Dvořák) holen wir zu einem späteren Zeitpunkt nach. Der Termin wird rechtzeitig bekannt gegeben. Dennoch möchten wir Ihnen die Gelegenheit geben, die „Musik zum Tagesausklang“ auch in diesem Monat miterleben zu können. Daher laden wir Sie ganz herzlich ein, uns am Konzerttermin 25. April / 19.00 &hellip; </p>
