{"id":493,"date":"2019-12-01T22:20:09","date_gmt":"2019-12-01T22:20:09","guid":{"rendered":"http:\/\/www.musik-zum-tagesausklang.de\/?page_id=493"},"modified":"2020-08-09T16:41:35","modified_gmt":"2020-08-09T16:41:35","slug":"22-november-2020","status":"publish","type":"page","link":"http:\/\/www.musik-zum-tagesausklang.de\/?page_id=493","title":{"rendered":"22. November 2020"},"content":{"rendered":"<h5>Sonntag, 22. November 2020 \/ 19.00 Uhr<a href=\"http:\/\/www.musik-zum-tagesausklang.de\/wp-content\/uploads\/2019\/01\/P1040547.jpg\"><img loading=\"lazy\" decoding=\"async\" class=\"alignright wp-image-166 size-medium\" src=\"http:\/\/www.musik-zum-tagesausklang.de\/wp-content\/uploads\/2019\/01\/P1040547-300x225.jpg\" alt=\"\" width=\"300\" height=\"225\" srcset=\"http:\/\/www.musik-zum-tagesausklang.de\/wp-content\/uploads\/2019\/01\/P1040547-300x225.jpg 300w, http:\/\/www.musik-zum-tagesausklang.de\/wp-content\/uploads\/2019\/01\/P1040547-768x576.jpg 768w, http:\/\/www.musik-zum-tagesausklang.de\/wp-content\/uploads\/2019\/01\/P1040547-1024x768.jpg 1024w\" sizes=\"auto, (max-width: 300px) 100vw, 300px\" \/><\/a><br \/>\nStadtpfarrkirche \u201eMariae Himmelfahrt\u201c<\/h5>\n<p>&nbsp;<\/p>\n<h4>Musik zum Ausklang des Kirchenjahres<br \/>\nam Christk\u00f6nigs-Sonntag<\/h4>\n<p>&nbsp;<\/p>\n<div class=\"o9v6fnle cxmmr5t8 oygrvhab hcukyx3x c1et5uql\">Das detaillierte Programm sowie die Mitwirkenden werden in K\u00fcrze bekannt gegeben.<\/div>\n<div>Bitte besuchen Sie uns hierf\u00fcr bald wieder auf unserer Homepage.<\/div>\n","protected":false},"excerpt":{"rendered":"<p>Sonntag, 22. November 2020 \/ 19.00 Uhr Stadtpfarrkirche \u201eMariae Himmelfahrt\u201c &nbsp; Musik zum Ausklang des Kirchenjahres am Christk\u00f6nigs-Sonntag &nbsp; Das detaillierte Programm sowie die Mitwirkenden werden in K\u00fcrze bekannt gegeben. Bitte besuchen Sie uns hierf\u00fcr bald wieder auf unserer Homepage.<\/p>\n","protected":false},"author":1,"featured_media":0,"parent":0,"menu_order":0,"comment_status":"closed","ping_status":"closed","template":"","meta":{"ngg_post_thumbnail":0,"footnotes":""},"class_list":["post-493","page","type-page","status-publish","hentry"],"_links":{"self":[{"href":"http:\/\/www.musik-zum-tagesausklang.de\/index.php?rest_route=\/wp\/v2\/pages\/493","targetHints":{"allow":["GET"]}}],"collection":[{"href":"http:\/\/www.musik-zum-tagesausklang.de\/index.php?rest_route=\/wp\/v2\/pages"}],"about":[{"href":"http:\/\/www.musik-zum-tagesausklang.de\/index.php?rest_route=\/wp\/v2\/types\/page"}],"author":[{"embeddable":true,"href":"http:\/\/www.musik-zum-tagesausklang.de\/index.php?rest_route=\/wp\/v2\/users\/1"}],"replies":[{"embeddable":true,"href":"http:\/\/www.musik-zum-tagesausklang.de\/index.php?rest_route=%2Fwp%2Fv2%2Fcomments&post=493"}],"version-history":[{"count":3,"href":"http:\/\/www.musik-zum-tagesausklang.de\/index.php?rest_route=\/wp\/v2\/pages\/493\/revisions"}],"predecessor-version":[{"id":612,"href":"http:\/\/www.musik-zum-tagesausklang.de\/index.php?rest_route=\/wp\/v2\/pages\/493\/revisions\/612"}],"wp:attachment":[{"href":"http:\/\/www.musik-zum-tagesausklang.de\/index.php?rest_route=%2Fwp%2Fv2%2Fmedia&parent=493"}],"curies":[{"name":"wp","href":"https:\/\/api.w.org\/{rel}","templated":true}]}}

<h5>Sonntag, 22. November 2020 / 19.00 Uhr<a href="http://www.musik-zum-tagesausklang.de/wp-content/uploads/2019/01/P1040547.jpg"><img loading="lazy" decoding="async" class="alignright wp-image-166 size-medium" src="http://www.musik-zum-tagesausklang.de/wp-content/uploads/2019/01/P1040547-300x225.jpg" alt="" width="300" height="225" srcset="http://www.musik-zum-tagesausklang.de/wp-content/uploads/2019/01/P1040547-300x225.jpg 300w, http://www.musik-zum-tagesausklang.de/wp-content/uploads/2019/01/P1040547-768x576.jpg 768w, http://www.musik-zum-tagesausklang.de/wp-content/uploads/2019/01/P1040547-1024x768.jpg 1024w" sizes="auto, (max-width: 300px) 100vw, 300px" /></a><br />
Stadtpfarrkirche „Mariae Himmelfahrt“</h5>
<p>&nbsp;</p>
<h4>Musik zum Ausklang des Kirchenjahres<br />
am Christkönigs-Sonntag</h4>
<p>&nbsp;</p>
<div class="o9v6fnle cxmmr5t8 oygrvhab hcukyx3x c1et5uql">Das detaillierte Programm sowie die Mitwirkenden werden in Kürze bekannt gegeben.</div>
<div>Bitte besuchen Sie uns hierfür bald wieder auf unserer Homepage.</div>

<p>Sonntag, 22. November 2020 / 19.00 Uhr Stadtpfarrkirche „Mariae Himmelfahrt“ &nbsp; Musik zum Ausklang des Kirchenjahres am Christkönigs-Sonntag &nbsp; Das detaillierte Programm sowie die Mitwirkenden werden in Kürze bekannt gegeben. Bitte besuchen Sie uns hierfür bald wieder auf unserer Homepage.</p>
