{"id":479,"date":"2019-12-01T22:17:46","date_gmt":"2019-12-01T22:17:46","guid":{"rendered":"http:\/\/www.musik-zum-tagesausklang.de\/?page_id=479"},"modified":"2020-03-18T21:15:29","modified_gmt":"2020-03-18T21:15:29","slug":"28-maerz-2020","status":"publish","type":"page","link":"http:\/\/www.musik-zum-tagesausklang.de\/?page_id=479","title":{"rendered":"28. M\u00e4rz 2020"},"content":{"rendered":"<h5>Samstag, 28. M\u00e4rz 2020 \/ 19.00 Uhr<img loading=\"lazy\" decoding=\"async\" class=\"wp-image-374 size-medium alignright\" src=\"http:\/\/www.musik-zum-tagesausklang.de\/wp-content\/uploads\/2019\/06\/Wiesmann2019-7-226x300.jpg\" alt=\"\" width=\"226\" height=\"300\" srcset=\"http:\/\/www.musik-zum-tagesausklang.de\/wp-content\/uploads\/2019\/06\/Wiesmann2019-7-226x300.jpg 226w, http:\/\/www.musik-zum-tagesausklang.de\/wp-content\/uploads\/2019\/06\/Wiesmann2019-7-768x1018.jpg 768w, http:\/\/www.musik-zum-tagesausklang.de\/wp-content\/uploads\/2019\/06\/Wiesmann2019-7-773x1024.jpg 773w\" sizes=\"auto, (max-width: 226px) 100vw, 226px\" \/><br \/>\nStadtpfarrkirche \u201eMariae Himmelfahrt\u201c<\/h5>\n<p>&nbsp;<\/p>\n<p>HINWEIS:<br \/>\nAufgrund der aktuellen Situation muss dieses Konzert leider als \u00f6ffentliche Veranstaltung ENTFALLEN!<\/p>\n<p>Dennoch m\u00f6chten wir Ihnen die Gelegenheit geben, die \u201eMusik zum Tagesausklang\u201c auch in diesem Monat miterleben zu k\u00f6nnen.<br \/>\nDaher laden wir Sie ganz herzlich ein, uns am Konzerttermin 28. M\u00e4rz \/ 19.00 Uhr auf folgender Seite zu besuchen: <a href=\"http:\/\/www.musik-zum-tagesausklang.de\/?page_id=527\">http:\/\/www.musik-zum-tagesausklang.de\/?page_id=527<\/a><br \/>\nHier zeigen wir Ihnen das angek\u00fcndigte Programm in voller L\u00e4nge per Video aus der Stadtpfarrkirche.<\/p>\n<h4>Orgelchor\u00e4le von J. S. Bach zur Passionszeit<\/h4>\n<p>&nbsp;<\/p>\n<p>CHORORGEL<\/p>\n<p>Johann Sebastian BACH<br \/>\n(1685 &#8211; 1750)<\/p>\n<p>Erbarm dich mein, o Herre Gott BWV 721<\/p>\n<p>Herzliebster Jesu, was hast du verbrochen BWV 1093<br \/>\nAls Jesus Christus in der Nacht BWV 1108<br \/>\n(aus der \u201eNeumeister-Sammlung\u201c)<\/p>\n<p><i>&nbsp;<\/i><\/p>\n<p>HAUPTORGEL<\/p>\n<p>O Lamm Gottes, unschuldig BWV 656<br \/>\n(aus den \u201eLeipziger Orgelchor\u00e4len\u201c)<\/p>\n<p>O Haupt, voll Blut und Wunden BWV 727<\/p>\n<p>Passacaglia in c BWV 582<\/p>\n<p>&nbsp;<\/p>\n<p>__________________________________________________<\/p>\n<p><em>Andreas Wiesmann, Orgel<\/em><\/p>\n","protected":false},"excerpt":{"rendered":"<p>Samstag, 28. M\u00e4rz 2020 \/ 19.00 Uhr Stadtpfarrkirche \u201eMariae Himmelfahrt\u201c &nbsp; HINWEIS: Aufgrund der aktuellen Situation muss dieses Konzert leider als \u00f6ffentliche Veranstaltung ENTFALLEN! Dennoch m\u00f6chten wir Ihnen die Gelegenheit geben, die \u201eMusik zum Tagesausklang\u201c auch in diesem Monat miterleben zu k\u00f6nnen. Daher laden wir Sie ganz herzlich ein, uns am Konzerttermin 28. M\u00e4rz \/ 19.00 Uhr auf folgender Seite zu besuchen: http:\/\/www.musik-zum-tagesausklang.de\/?page_id=527 Hier zeigen wir Ihnen das angek\u00fcndigte Programm in voller L\u00e4nge per Video aus der Stadtpfarrkirche. Orgelchor\u00e4le von &hellip; <\/p>\n","protected":false},"author":1,"featured_media":0,"parent":0,"menu_order":0,"comment_status":"closed","ping_status":"closed","template":"","meta":{"ngg_post_thumbnail":0,"footnotes":""},"class_list":["post-479","page","type-page","status-publish","hentry"],"_links":{"self":[{"href":"http:\/\/www.musik-zum-tagesausklang.de\/index.php?rest_route=\/wp\/v2\/pages\/479","targetHints":{"allow":["GET"]}}],"collection":[{"href":"http:\/\/www.musik-zum-tagesausklang.de\/index.php?rest_route=\/wp\/v2\/pages"}],"about":[{"href":"http:\/\/www.musik-zum-tagesausklang.de\/index.php?rest_route=\/wp\/v2\/types\/page"}],"author":[{"embeddable":true,"href":"http:\/\/www.musik-zum-tagesausklang.de\/index.php?rest_route=\/wp\/v2\/users\/1"}],"replies":[{"embeddable":true,"href":"http:\/\/www.musik-zum-tagesausklang.de\/index.php?rest_route=%2Fwp%2Fv2%2Fcomments&post=479"}],"version-history":[{"count":7,"href":"http:\/\/www.musik-zum-tagesausklang.de\/index.php?rest_route=\/wp\/v2\/pages\/479\/revisions"}],"predecessor-version":[{"id":532,"href":"http:\/\/www.musik-zum-tagesausklang.de\/index.php?rest_route=\/wp\/v2\/pages\/479\/revisions\/532"}],"wp:attachment":[{"href":"http:\/\/www.musik-zum-tagesausklang.de\/index.php?rest_route=%2Fwp%2Fv2%2Fmedia&parent=479"}],"curies":[{"name":"wp","href":"https:\/\/api.w.org\/{rel}","templated":true}]}}