{"id":475,"date":"2019-12-01T21:05:08","date_gmt":"2019-12-01T21:05:08","guid":{"rendered":"http:\/\/www.musik-zum-tagesausklang.de\/?page_id=475"},"modified":"2019-12-21T10:34:36","modified_gmt":"2019-12-21T10:34:36","slug":"18-januar-2020","status":"publish","type":"page","link":"http:\/\/www.musik-zum-tagesausklang.de\/?page_id=475","title":{"rendered":"18. Januar 2020"},"content":{"rendered":"<h5>Samstag, 18. Januar 2020 \/ 19.00 Uhr<img loading=\"lazy\" decoding=\"async\" class=\"wp-image-374 size-medium alignright\" src=\"http:\/\/www.musik-zum-tagesausklang.de\/wp-content\/uploads\/2019\/06\/Wiesmann2019-7-226x300.jpg\" alt=\"\" width=\"226\" height=\"300\" srcset=\"http:\/\/www.musik-zum-tagesausklang.de\/wp-content\/uploads\/2019\/06\/Wiesmann2019-7-226x300.jpg 226w, http:\/\/www.musik-zum-tagesausklang.de\/wp-content\/uploads\/2019\/06\/Wiesmann2019-7-768x1018.jpg 768w, http:\/\/www.musik-zum-tagesausklang.de\/wp-content\/uploads\/2019\/06\/Wiesmann2019-7-773x1024.jpg 773w\" sizes=\"auto, (max-width: 226px) 100vw, 226px\" \/><br \/>\nStadtpfarrkirche \u201eMariae Himmelfahrt\u201c<\/h5>\n<h4>Heitere Orgelmusik im Fasching<\/h4>\n<p>&nbsp;<\/p>\n<p>Padre Davide da BERGAMO<br \/>\n(1791 &#8211; 1842)<br \/>\nSinfonia&nbsp; col tanto applaudito<br \/>\n(Inno Popolare)<\/p>\n<p>&nbsp;<\/p>\n<p>Giacomo PUCCINI<br \/>\n(1858 &#8211; 1924)<br \/>\nSonata per Organo in Sol maggiore<\/p>\n<p>&nbsp;<\/p>\n<p>ANONYMUS<br \/>\n(um 1800)<br \/>\nVier Toggenburger Orgelt\u00e4nze<br \/>\n<i>Marsch in D<br \/>\n<\/i><i>Polka in G<br \/>\n<\/i><i>Walzer in C<br \/>\n<\/i><i>Polka in C<\/i><\/p>\n<p>&nbsp;<\/p>\n<p>W. A. P. MOZART<br \/>\n(alias Peter Planyavsky, geb. 1947)<br \/>\nVier St\u00fccke f\u00fcr die Trompetenuhr<br \/>\n<i>And(T)ante ma non Troppo<br \/>\n<\/i><i>AnOnkel ma non Poco<br \/>\n<\/i><i>Largo ma non Largo (\u201es\u2019Lercherl\u201c)<br \/>\n<\/i><i>Rondo alla Turkey (\u201eAlla Marcia, molto penetrante\u201c)<\/i><\/p>\n<p>&nbsp;<\/p>\n<p>Edward ELGAR<br \/>\n(1857 &#8211; 1934)<br \/>\nPomp and Circumstance<br \/>\n<em>Marsch Nr. 1 D-Dur<\/em><\/p>\n<p>&nbsp;<\/p>\n<p>__________________________________________________<\/p>\n<p><em>Andreas Wiesmann, Orgel<\/em><\/p>\n","protected":false},"excerpt":{"rendered":"<p>Samstag, 18. Januar 2020 \/ 19.00 Uhr Stadtpfarrkirche \u201eMariae Himmelfahrt\u201c Heitere Orgelmusik im Fasching &nbsp; Padre Davide da BERGAMO (1791 &#8211; 1842) Sinfonia&nbsp; col tanto applaudito (Inno Popolare) &nbsp; Giacomo PUCCINI (1858 &#8211; 1924) Sonata per Organo in Sol maggiore &nbsp; ANONYMUS (um 1800) Vier Toggenburger Orgelt\u00e4nze Marsch in D Polka in G Walzer in C Polka in C &nbsp; W. A. P. MOZART (alias Peter Planyavsky, geb. 1947) Vier St\u00fccke f\u00fcr die Trompetenuhr And(T)ante ma non Troppo AnOnkel ma &hellip; <\/p>\n","protected":false},"author":1,"featured_media":0,"parent":0,"menu_order":0,"comment_status":"closed","ping_status":"closed","template":"","meta":{"ngg_post_thumbnail":0,"footnotes":""},"class_list":["post-475","page","type-page","status-publish","hentry"],"_links":{"self":[{"href":"http:\/\/www.musik-zum-tagesausklang.de\/index.php?rest_route=\/wp\/v2\/pages\/475","targetHints":{"allow":["GET"]}}],"collection":[{"href":"http:\/\/www.musik-zum-tagesausklang.de\/index.php?rest_route=\/wp\/v2\/pages"}],"about":[{"href":"http:\/\/www.musik-zum-tagesausklang.de\/index.php?rest_route=\/wp\/v2\/types\/page"}],"author":[{"embeddable":true,"href":"http:\/\/www.musik-zum-tagesausklang.de\/index.php?rest_route=\/wp\/v2\/users\/1"}],"replies":[{"embeddable":true,"href":"http:\/\/www.musik-zum-tagesausklang.de\/index.php?rest_route=%2Fwp%2Fv2%2Fcomments&post=475"}],"version-history":[{"count":3,"href":"http:\/\/www.musik-zum-tagesausklang.de\/index.php?rest_route=\/wp\/v2\/pages\/475\/revisions"}],"predecessor-version":[{"id":501,"href":"http:\/\/www.musik-zum-tagesausklang.de\/index.php?rest_route=\/wp\/v2\/pages\/475\/revisions\/501"}],"wp:attachment":[{"href":"http:\/\/www.musik-zum-tagesausklang.de\/index.php?rest_route=%2Fwp%2Fv2%2Fmedia&parent=475"}],"curies":[{"name":"wp","href":"https:\/\/api.w.org\/{rel}","templated":true}]}}

<h5>Samstag, 18. Januar 2020 / 19.00 Uhr<img loading="lazy" decoding="async" class="wp-image-374 size-medium alignright" src="http://www.musik-zum-tagesausklang.de/wp-content/uploads/2019/06/Wiesmann2019-7-226x300.jpg" alt="" width="226" height="300" srcset="http://www.musik-zum-tagesausklang.de/wp-content/uploads/2019/06/Wiesmann2019-7-226x300.jpg 226w, http://www.musik-zum-tagesausklang.de/wp-content/uploads/2019/06/Wiesmann2019-7-768x1018.jpg 768w, http://www.musik-zum-tagesausklang.de/wp-content/uploads/2019/06/Wiesmann2019-7-773x1024.jpg 773w" sizes="auto, (max-width: 226px) 100vw, 226px" /><br />
Stadtpfarrkirche „Mariae Himmelfahrt“</h5>
<h4>Heitere Orgelmusik im Fasching</h4>
<p>&nbsp;</p>
<p>Padre Davide da BERGAMO<br />
(1791 &#8211; 1842)<br />
Sinfonia&nbsp; col tanto applaudito<br />
(Inno Popolare)</p>
<p>&nbsp;</p>
<p>Giacomo PUCCINI<br />
(1858 &#8211; 1924)<br />
Sonata per Organo in Sol maggiore</p>
<p>&nbsp;</p>
<p>ANONYMUS<br />
(um 1800)<br />
Vier Toggenburger Orgeltänze<br />
<i>Marsch in D<br />
</i><i>Polka in G<br />
</i><i>Walzer in C<br />
</i><i>Polka in C</i></p>
<p>&nbsp;</p>
<p>W. A. P. MOZART<br />
(alias Peter Planyavsky, geb. 1947)<br />
Vier Stücke für die Trompetenuhr<br />
<i>And(T)ante ma non Troppo<br />
</i><i>AnOnkel ma non Poco<br />
</i><i>Largo ma non Largo („s’Lercherl“)<br />
</i><i>Rondo alla Turkey („Alla Marcia, molto penetrante“)</i></p>
<p>&nbsp;</p>
<p>Edward ELGAR<br />
(1857 &#8211; 1934)<br />
Pomp and Circumstance<br />
<em>Marsch Nr. 1 D-Dur</em></p>
<p>&nbsp;</p>
<p>__________________________________________________</p>
<p><em>Andreas Wiesmann, Orgel</em></p>

<p>Samstag, 18. Januar 2020 / 19.00 Uhr Stadtpfarrkirche „Mariae Himmelfahrt“ Heitere Orgelmusik im Fasching &nbsp; Padre Davide da BERGAMO (1791 &#8211; 1842) Sinfonia&nbsp; col tanto applaudito (Inno Popolare) &nbsp; Giacomo PUCCINI (1858 &#8211; 1924) Sonata per Organo in Sol maggiore &nbsp; ANONYMUS (um 1800) Vier Toggenburger Orgeltänze Marsch in D Polka in G Walzer in C Polka in C &nbsp; W. A. P. MOZART (alias Peter Planyavsky, geb. 1947) Vier Stücke für die Trompetenuhr And(T)ante ma non Troppo AnOnkel ma &hellip; </p>
