{"id":336,"date":"2019-03-01T21:53:45","date_gmt":"2019-03-01T21:53:45","guid":{"rendered":"http:\/\/www.musik-zum-tagesausklang.de\/?page_id=336"},"modified":"2019-06-21T14:27:12","modified_gmt":"2019-06-21T14:27:12","slug":"28-dezember-2019","status":"publish","type":"page","link":"http:\/\/www.musik-zum-tagesausklang.de\/?page_id=336","title":{"rendered":"28. Dezember 2019"},"content":{"rendered":"<h5>Samstag, 28. Dezember 2019 \/ 19.00 Uhr<img loading=\"lazy\" decoding=\"async\" class=\"wp-image-374 size-medium alignright\" src=\"http:\/\/www.musik-zum-tagesausklang.de\/wp-content\/uploads\/2019\/06\/Wiesmann2019-7-226x300.jpg\" alt=\"\" width=\"226\" height=\"300\" srcset=\"http:\/\/www.musik-zum-tagesausklang.de\/wp-content\/uploads\/2019\/06\/Wiesmann2019-7-226x300.jpg 226w, http:\/\/www.musik-zum-tagesausklang.de\/wp-content\/uploads\/2019\/06\/Wiesmann2019-7-768x1018.jpg 768w, http:\/\/www.musik-zum-tagesausklang.de\/wp-content\/uploads\/2019\/06\/Wiesmann2019-7-773x1024.jpg 773w\" sizes=\"auto, (max-width: 226px) 100vw, 226px\" \/><br \/>\nStadtpfarrkirche \u201eMariae Himmelfahrt\u201c<\/h5>\n<h4>Weihnachtliche Orgelmusik<\/h4>\n<p>&nbsp;<\/p>\n<p>Johann Sebastian BACH<br \/>\n(1685 &#8211; 1750)<br \/>\nToccata, Adagio und Fuge C-Dur<br \/>\nBWV 564<\/p>\n<p>Orgelchoral \u201eDer Tag, der is so freudenreich\u201c<br \/>\nBWV 605<br \/>\naus dem\u00a0 \u201eOrgelb\u00fcchlein\u201c<\/p>\n<p>&nbsp;<\/p>\n<p>Louis-Claude DAQUIN<br \/>\n(1694 &#8211; 1772)<br \/>\nNouveau Livre de No\u00ebls<br \/>\nop. 2<br \/>\n<i>Dixi\u00e8me No\u00ebl: Grand Jeu et Duo<\/i><\/p>\n<p>&nbsp;<\/p>\n<p>Max REGER<br \/>\n(1873 &#8211; 1916)<br \/>\nWeihnachten<br \/>\nop. 145\/3<\/p>\n<p>&nbsp;<\/p>\n<p>Pierre COCHEREAU<br \/>\n(1924 &#8211; 1984)<br \/>\nSortie sur \u201eAdeste, fideles\u201c<\/p>\n<p>&nbsp;<\/p>\n<p>__________________________________________________<\/p>\n<p><em>Andreas Wiesmann, Orgel<\/em><\/p>\n","protected":false},"excerpt":{"rendered":"<p>Samstag, 28. Dezember 2019 \/ 19.00 Uhr Stadtpfarrkirche \u201eMariae Himmelfahrt\u201c Weihnachtliche Orgelmusik &nbsp; Johann Sebastian BACH (1685 &#8211; 1750) Toccata, Adagio und Fuge C-Dur BWV 564 Orgelchoral \u201eDer Tag, der is so freudenreich\u201c BWV 605 aus dem\u00a0 \u201eOrgelb\u00fcchlein\u201c &nbsp; Louis-Claude DAQUIN (1694 &#8211; 1772) Nouveau Livre de No\u00ebls op. 2 Dixi\u00e8me No\u00ebl: Grand Jeu et Duo &nbsp; Max REGER (1873 &#8211; 1916) Weihnachten op. 145\/3 &nbsp; Pierre COCHEREAU (1924 &#8211; 1984) Sortie sur \u201eAdeste, fideles\u201c &nbsp; __________________________________________________ Andreas Wiesmann, Orgel<\/p>\n","protected":false},"author":1,"featured_media":0,"parent":0,"menu_order":0,"comment_status":"closed","ping_status":"closed","template":"","meta":{"ngg_post_thumbnail":0,"footnotes":""},"class_list":["post-336","page","type-page","status-publish","hentry"],"_links":{"self":[{"href":"http:\/\/www.musik-zum-tagesausklang.de\/index.php?rest_route=\/wp\/v2\/pages\/336","targetHints":{"allow":["GET"]}}],"collection":[{"href":"http:\/\/www.musik-zum-tagesausklang.de\/index.php?rest_route=\/wp\/v2\/pages"}],"about":[{"href":"http:\/\/www.musik-zum-tagesausklang.de\/index.php?rest_route=\/wp\/v2\/types\/page"}],"author":[{"embeddable":true,"href":"http:\/\/www.musik-zum-tagesausklang.de\/index.php?rest_route=\/wp\/v2\/users\/1"}],"replies":[{"embeddable":true,"href":"http:\/\/www.musik-zum-tagesausklang.de\/index.php?rest_route=%2Fwp%2Fv2%2Fcomments&post=336"}],"version-history":[{"count":4,"href":"http:\/\/www.musik-zum-tagesausklang.de\/index.php?rest_route=\/wp\/v2\/pages\/336\/revisions"}],"predecessor-version":[{"id":376,"href":"http:\/\/www.musik-zum-tagesausklang.de\/index.php?rest_route=\/wp\/v2\/pages\/336\/revisions\/376"}],"wp:attachment":[{"href":"http:\/\/www.musik-zum-tagesausklang.de\/index.php?rest_route=%2Fwp%2Fv2%2Fmedia&parent=336"}],"curies":[{"name":"wp","href":"https:\/\/api.w.org\/{rel}","templated":true}]}}

<h5>Samstag, 28. Dezember 2019 / 19.00 Uhr<img loading="lazy" decoding="async" class="wp-image-374 size-medium alignright" src="http://www.musik-zum-tagesausklang.de/wp-content/uploads/2019/06/Wiesmann2019-7-226x300.jpg" alt="" width="226" height="300" srcset="http://www.musik-zum-tagesausklang.de/wp-content/uploads/2019/06/Wiesmann2019-7-226x300.jpg 226w, http://www.musik-zum-tagesausklang.de/wp-content/uploads/2019/06/Wiesmann2019-7-768x1018.jpg 768w, http://www.musik-zum-tagesausklang.de/wp-content/uploads/2019/06/Wiesmann2019-7-773x1024.jpg 773w" sizes="auto, (max-width: 226px) 100vw, 226px" /><br />
Stadtpfarrkirche „Mariae Himmelfahrt“</h5>
<h4>Weihnachtliche Orgelmusik</h4>
<p>&nbsp;</p>
<p>Johann Sebastian BACH<br />
(1685 &#8211; 1750)<br />
Toccata, Adagio und Fuge C-Dur<br />
BWV 564</p>
<p>Orgelchoral „Der Tag, der is so freudenreich“<br />
BWV 605<br />
aus dem  „Orgelbüchlein“</p>
<p>&nbsp;</p>
<p>Louis-Claude DAQUIN<br />
(1694 &#8211; 1772)<br />
Nouveau Livre de Noëls<br />
op. 2<br />
<i>Dixième Noël: Grand Jeu et Duo</i></p>
<p>&nbsp;</p>
<p>Max REGER<br />
(1873 &#8211; 1916)<br />
Weihnachten<br />
op. 145/3</p>
<p>&nbsp;</p>
<p>Pierre COCHEREAU<br />
(1924 &#8211; 1984)<br />
Sortie sur „Adeste, fideles“</p>
<p>&nbsp;</p>
<p>__________________________________________________</p>
<p><em>Andreas Wiesmann, Orgel</em></p>

<p>Samstag, 28. Dezember 2019 / 19.00 Uhr Stadtpfarrkirche „Mariae Himmelfahrt“ Weihnachtliche Orgelmusik &nbsp; Johann Sebastian BACH (1685 &#8211; 1750) Toccata, Adagio und Fuge C-Dur BWV 564 Orgelchoral „Der Tag, der is so freudenreich“ BWV 605 aus dem  „Orgelbüchlein“ &nbsp; Louis-Claude DAQUIN (1694 &#8211; 1772) Nouveau Livre de Noëls op. 2 Dixième Noël: Grand Jeu et Duo &nbsp; Max REGER (1873 &#8211; 1916) Weihnachten op. 145/3 &nbsp; Pierre COCHEREAU (1924 &#8211; 1984) Sortie sur „Adeste, fideles“ &nbsp; __________________________________________________ Andreas Wiesmann, Orgel</p>
