{"id":325,"date":"2019-03-01T21:37:05","date_gmt":"2019-03-01T21:37:05","guid":{"rendered":"http:\/\/www.musik-zum-tagesausklang.de\/?page_id=325"},"modified":"2019-12-31T09:20:08","modified_gmt":"2019-12-31T09:20:08","slug":"21-september-2019","status":"publish","type":"page","link":"http:\/\/www.musik-zum-tagesausklang.de\/?page_id=325","title":{"rendered":"21. September 2019"},"content":{"rendered":"<h5>Samstag, 21. September 2019 \/ 19.00 Uhr<img loading=\"lazy\" decoding=\"async\" class=\"size-medium wp-image-203 alignright\" src=\"http:\/\/musik-zum-tagesausklang.de\/wp-content\/uploads\/2019\/01\/Katharina_Ehlich-e1548271622554-225x300.jpg\" alt=\"\" width=\"225\" height=\"300\" srcset=\"http:\/\/www.musik-zum-tagesausklang.de\/wp-content\/uploads\/2019\/01\/Katharina_Ehlich-e1548271622554-225x300.jpg 225w, http:\/\/www.musik-zum-tagesausklang.de\/wp-content\/uploads\/2019\/01\/Katharina_Ehlich-e1548271622554.jpg 450w\" sizes=\"auto, (max-width: 225px) 100vw, 225px\" \/><br \/>\nStadtpfarrkirche \u201eMariae Himmelfahrt\u201c<\/h5>\n<h4>Werke f\u00fcr Fl\u00f6te und Orgel<\/h4>\n<p>&nbsp;<\/p>\n<p>Maria-Theresia von PARADIS<br \/>\n(1759 &#8211; 1824)<br \/>\nSicilienne<\/p>\n<p>&nbsp;<\/p>\n<p>Franz SCHUBERT<br \/>\n(1797 &#8211; 1828)<br \/>\nSonate a-Moll<br \/>\n\u201eArpeggione-Sonate\u201c<br \/>\nD 821<br \/>\n<i>Allegro moderato<\/i><\/p>\n<p>&nbsp;<\/p>\n<p>Carl Gottlieb REISSIGER<br \/>\n(1798 &#8211; 1859)<br \/>\nConcertino D-Dur<br \/>\nop. 60<br \/>\n<i>Allegro moderato<\/i><\/p>\n<p>&nbsp;<\/p>\n<p>Wilhelm POPP<br \/>\n(1828 &#8211; 1903)<br \/>\nFantasie f\u00fcr Fl\u00f6te<br \/>\nop. 407<\/p>\n<p>__________________________________________________<\/p>\n<p><em>Katharina Ehlich, Fl\u00f6te<\/em><br \/>\n<em>Andreas Wiesmann, Orgel<\/em><\/p>\n","protected":false},"excerpt":{"rendered":"<p>Samstag, 21. September 2019 \/ 19.00 Uhr Stadtpfarrkirche \u201eMariae Himmelfahrt\u201c Werke f\u00fcr Fl\u00f6te und Orgel &nbsp; Maria-Theresia von PARADIS (1759 &#8211; 1824) Sicilienne &nbsp; Franz SCHUBERT (1797 &#8211; 1828) Sonate a-Moll \u201eArpeggione-Sonate\u201c D 821 Allegro moderato &nbsp; Carl Gottlieb REISSIGER (1798 &#8211; 1859) Concertino D-Dur op. 60 Allegro moderato &nbsp; Wilhelm POPP (1828 &#8211; 1903) Fantasie f\u00fcr Fl\u00f6te op. 407 __________________________________________________ Katharina Ehlich, Fl\u00f6te Andreas Wiesmann, Orgel<\/p>\n","protected":false},"author":1,"featured_media":0,"parent":0,"menu_order":0,"comment_status":"closed","ping_status":"closed","template":"","meta":{"ngg_post_thumbnail":0,"footnotes":""},"class_list":["post-325","page","type-page","status-publish","hentry"],"_links":{"self":[{"href":"http:\/\/www.musik-zum-tagesausklang.de\/index.php?rest_route=\/wp\/v2\/pages\/325","targetHints":{"allow":["GET"]}}],"collection":[{"href":"http:\/\/www.musik-zum-tagesausklang.de\/index.php?rest_route=\/wp\/v2\/pages"}],"about":[{"href":"http:\/\/www.musik-zum-tagesausklang.de\/index.php?rest_route=\/wp\/v2\/types\/page"}],"author":[{"embeddable":true,"href":"http:\/\/www.musik-zum-tagesausklang.de\/index.php?rest_route=\/wp\/v2\/users\/1"}],"replies":[{"embeddable":true,"href":"http:\/\/www.musik-zum-tagesausklang.de\/index.php?rest_route=%2Fwp%2Fv2%2Fcomments&post=325"}],"version-history":[{"count":5,"href":"http:\/\/www.musik-zum-tagesausklang.de\/index.php?rest_route=\/wp\/v2\/pages\/325\/revisions"}],"predecessor-version":[{"id":444,"href":"http:\/\/www.musik-zum-tagesausklang.de\/index.php?rest_route=\/wp\/v2\/pages\/325\/revisions\/444"}],"wp:attachment":[{"href":"http:\/\/www.musik-zum-tagesausklang.de\/index.php?rest_route=%2Fwp%2Fv2%2Fmedia&parent=325"}],"curies":[{"name":"wp","href":"https:\/\/api.w.org\/{rel}","templated":true}]}}

<h5>Samstag, 21. September 2019 / 19.00 Uhr<img loading="lazy" decoding="async" class="size-medium wp-image-203 alignright" src="http://musik-zum-tagesausklang.de/wp-content/uploads/2019/01/Katharina_Ehlich-e1548271622554-225x300.jpg" alt="" width="225" height="300" srcset="http://www.musik-zum-tagesausklang.de/wp-content/uploads/2019/01/Katharina_Ehlich-e1548271622554-225x300.jpg 225w, http://www.musik-zum-tagesausklang.de/wp-content/uploads/2019/01/Katharina_Ehlich-e1548271622554.jpg 450w" sizes="auto, (max-width: 225px) 100vw, 225px" /><br />
Stadtpfarrkirche „Mariae Himmelfahrt“</h5>
<h4>Werke für Flöte und Orgel</h4>
<p>&nbsp;</p>
<p>Maria-Theresia von PARADIS<br />
(1759 &#8211; 1824)<br />
Sicilienne</p>
<p>&nbsp;</p>
<p>Franz SCHUBERT<br />
(1797 &#8211; 1828)<br />
Sonate a-Moll<br />
„Arpeggione-Sonate“<br />
D 821<br />
<i>Allegro moderato</i></p>
<p>&nbsp;</p>
<p>Carl Gottlieb REISSIGER<br />
(1798 &#8211; 1859)<br />
Concertino D-Dur<br />
op. 60<br />
<i>Allegro moderato</i></p>
<p>&nbsp;</p>
<p>Wilhelm POPP<br />
(1828 &#8211; 1903)<br />
Fantasie für Flöte<br />
op. 407</p>
<p>__________________________________________________</p>
<p><em>Katharina Ehlich, Flöte</em><br />
<em>Andreas Wiesmann, Orgel</em></p>

<p>Samstag, 21. September 2019 / 19.00 Uhr Stadtpfarrkirche „Mariae Himmelfahrt“ Werke für Flöte und Orgel &nbsp; Maria-Theresia von PARADIS (1759 &#8211; 1824) Sicilienne &nbsp; Franz SCHUBERT (1797 &#8211; 1828) Sonate a-Moll „Arpeggione-Sonate“ D 821 Allegro moderato &nbsp; Carl Gottlieb REISSIGER (1798 &#8211; 1859) Concertino D-Dur op. 60 Allegro moderato &nbsp; Wilhelm POPP (1828 &#8211; 1903) Fantasie für Flöte op. 407 __________________________________________________ Katharina Ehlich, Flöte Andreas Wiesmann, Orgel</p>
