{"id":1040,"date":"2024-07-21T11:48:22","date_gmt":"2024-07-21T11:48:22","guid":{"rendered":"http:\/\/www.musik-zum-tagesausklang.de\/?page_id=1040"},"modified":"2024-07-21T11:49:10","modified_gmt":"2024-07-21T11:49:10","slug":"26-oktober-2024","status":"publish","type":"page","link":"http:\/\/www.musik-zum-tagesausklang.de\/?page_id=1040","title":{"rendered":"26. Oktober 2024"},"content":{"rendered":"<h5><img loading=\"lazy\" decoding=\"async\" class=\"alignright size-medium wp-image-728\" src=\"http:\/\/www.musik-zum-tagesausklang.de\/wp-content\/uploads\/2021\/07\/Hauptorgel-MaH-300x200.jpg\" alt=\"\" width=\"300\" height=\"200\" srcset=\"http:\/\/www.musik-zum-tagesausklang.de\/wp-content\/uploads\/2021\/07\/Hauptorgel-MaH-300x200.jpg 300w, http:\/\/www.musik-zum-tagesausklang.de\/wp-content\/uploads\/2021\/07\/Hauptorgel-MaH-1024x683.jpg 1024w, http:\/\/www.musik-zum-tagesausklang.de\/wp-content\/uploads\/2021\/07\/Hauptorgel-MaH-768x512.jpg 768w, http:\/\/www.musik-zum-tagesausklang.de\/wp-content\/uploads\/2021\/07\/Hauptorgel-MaH-1536x1024.jpg 1536w, http:\/\/www.musik-zum-tagesausklang.de\/wp-content\/uploads\/2021\/07\/Hauptorgel-MaH-2048x1365.jpg 2048w\" sizes=\"auto, (max-width: 300px) 100vw, 300px\" \/>Samstag, 26. Oktober 2024 \/ 19.00 Uhr<br \/>\nStadtpfarrkirche Mariae Himmelfahrt<\/h5>\n<h5>&nbsp;<\/h5>\n<p>&nbsp;<\/p>\n<p>&nbsp;<\/p>\n<h4>Fl\u00f6te und Orgel<\/h4>\n<div class=\"o9v6fnle cxmmr5t8 oygrvhab hcukyx3x c1et5uql\">&nbsp;<\/div>\n<p>Fran\u00e7ois DEVIENNE<br \/>\n(1759 &#8211; 1803)<br \/>\nFl\u00f6tenkonzert Nr. 7 e-Moll<br \/>\n<em>Allegro<\/em><\/p>\n<p>&nbsp;<\/p>\n<p>Franz SCHUBERT<br \/>\n(1797 &#8211; 1828)<br \/>\nDer Lindenbaum<br \/>\nD. 911\/5<br \/>\n(Bearbeitung f\u00fcr Fl\u00f6te und Orgel)<\/p>\n<p>&nbsp;<\/p>\n<p>Jules MASSENET<br \/>\n(1842 &#8211; 1912)<br \/>\nM\u00e9ditation<br \/>\naus der Oper \u201eTha\u00efs\u201c<\/p>\n<p>&nbsp;<\/p>\n<p>C\u00e9cile CHAMINADE<br \/>\n(1857 &#8211; 1944)<br \/>\nConcertino pour fl\u00fbte<br \/>\nop. 107<\/p>\n<p>&nbsp;<\/p>\n<div>&nbsp;<\/div>\n<p>__________________________________________________<\/p>\n<p><em>Katharina Ehlich, Fl\u00f6te<br \/>\nAndreas Wiesmann, Orgel<\/em><\/p>\n","protected":false},"excerpt":{"rendered":"<p>Samstag, 26. Oktober 2024 \/ 19.00 Uhr Stadtpfarrkirche Mariae Himmelfahrt &nbsp; &nbsp; &nbsp; Fl\u00f6te und Orgel &nbsp; Fran\u00e7ois DEVIENNE (1759 &#8211; 1803) Fl\u00f6tenkonzert Nr. 7 e-Moll Allegro &nbsp; Franz SCHUBERT (1797 &#8211; 1828) Der Lindenbaum D. 911\/5 (Bearbeitung f\u00fcr Fl\u00f6te und Orgel) &nbsp; Jules MASSENET (1842 &#8211; 1912) M\u00e9ditation aus der Oper \u201eTha\u00efs\u201c &nbsp; C\u00e9cile CHAMINADE (1857 &#8211; 1944) Concertino pour fl\u00fbte op. 107 &nbsp; &nbsp; __________________________________________________ Katharina Ehlich, Fl\u00f6te Andreas Wiesmann, Orgel<\/p>\n","protected":false},"author":1,"featured_media":0,"parent":0,"menu_order":0,"comment_status":"closed","ping_status":"closed","template":"","meta":{"ngg_post_thumbnail":0,"footnotes":""},"class_list":["post-1040","page","type-page","status-publish","hentry"],"_links":{"self":[{"href":"http:\/\/www.musik-zum-tagesausklang.de\/index.php?rest_route=\/wp\/v2\/pages\/1040","targetHints":{"allow":["GET"]}}],"collection":[{"href":"http:\/\/www.musik-zum-tagesausklang.de\/index.php?rest_route=\/wp\/v2\/pages"}],"about":[{"href":"http:\/\/www.musik-zum-tagesausklang.de\/index.php?rest_route=\/wp\/v2\/types\/page"}],"author":[{"embeddable":true,"href":"http:\/\/www.musik-zum-tagesausklang.de\/index.php?rest_route=\/wp\/v2\/users\/1"}],"replies":[{"embeddable":true,"href":"http:\/\/www.musik-zum-tagesausklang.de\/index.php?rest_route=%2Fwp%2Fv2%2Fcomments&post=1040"}],"version-history":[{"count":2,"href":"http:\/\/www.musik-zum-tagesausklang.de\/index.php?rest_route=\/wp\/v2\/pages\/1040\/revisions"}],"predecessor-version":[{"id":1042,"href":"http:\/\/www.musik-zum-tagesausklang.de\/index.php?rest_route=\/wp\/v2\/pages\/1040\/revisions\/1042"}],"wp:attachment":[{"href":"http:\/\/www.musik-zum-tagesausklang.de\/index.php?rest_route=%2Fwp%2Fv2%2Fmedia&parent=1040"}],"curies":[{"name":"wp","href":"https:\/\/api.w.org\/{rel}","templated":true}]}}