{"id":1035,"date":"2024-07-21T11:35:11","date_gmt":"2024-07-21T11:35:11","guid":{"rendered":"http:\/\/www.musik-zum-tagesausklang.de\/?page_id=1035"},"modified":"2024-07-24T08:26:03","modified_gmt":"2024-07-24T08:26:03","slug":"samstag-28-dezember-2024","status":"publish","type":"page","link":"http:\/\/www.musik-zum-tagesausklang.de\/?page_id=1035","title":{"rendered":"Samstag, 28. Dezember 2024"},"content":{"rendered":"<h5><img loading=\"lazy\" decoding=\"async\" class=\"alignright size-medium wp-image-455\" src=\"http:\/\/www.musik-zum-tagesausklang.de\/wp-content\/uploads\/2019\/08\/DSC00285-300x200.jpg\" alt=\"\" width=\"300\" height=\"200\" srcset=\"http:\/\/www.musik-zum-tagesausklang.de\/wp-content\/uploads\/2019\/08\/DSC00285-300x200.jpg 300w, http:\/\/www.musik-zum-tagesausklang.de\/wp-content\/uploads\/2019\/08\/DSC00285-768x512.jpg 768w, http:\/\/www.musik-zum-tagesausklang.de\/wp-content\/uploads\/2019\/08\/DSC00285-1024x683.jpg 1024w\" sizes=\"auto, (max-width: 300px) 100vw, 300px\" \/>Samstag, 28. Dezember 2024 \/ 19.00 Uhr<br \/>\nPfarrkirche Verkl\u00e4rung Christi<\/h5>\n<h5>&nbsp;<\/h5>\n<p>&nbsp;<\/p>\n<p>&nbsp;<\/p>\n<h4>Weihnachtliche Orgelmusik<\/h4>\n<div class=\"o9v6fnle cxmmr5t8 oygrvhab hcukyx3x c1et5uql\">&nbsp;<\/div>\n<div>&nbsp;<\/div>\n<p>&nbsp;<\/p>\n<p>&nbsp;<\/p>\n<p>Johann PACHELBEL<br \/>\n(1653 &#8211; 1706)<br \/>\nChoralfantasie \u201eVom Himmel hoch, da komm ich her\u201c<br \/>\nP. 478<\/p>\n<p>&nbsp;<\/p>\n<p>Johann Michael BACH<br \/>\n(1648 &#8211; 1694)<br \/>\nChoraltrio \u201eIn dulci jubilo\u201c<\/p>\n<p>&nbsp;<\/p>\n<p>Louis-Claude DAQUIN<br \/>\n(1694 &#8211; 1772)<br \/>\nNouveau Livre de No\u00ebls<br \/>\nop. 2<br \/>\n<i>Dixi\u00e8me No\u00ebl: Grand Jeu et Duo<\/i><\/p>\n<p>&nbsp;<\/p>\n<p>Johann Sebastian BACH<br \/>\n(1685 &#8211; 1750)<\/p>\n<p>Choralvorspiele aus dem \u201eOrgelb\u00fcchlein\u201c<br \/>\n<i>Der Tag, der ist so freudenreich BWV 605<br \/>\n<\/i><i>Vom Himmel hoch, da komm ich her BWV 606<\/i><\/p>\n<p>&nbsp;<\/p>\n<p>Pr\u00e4ludium und Fuge C-Dur<br \/>\nBWV 547<\/p>\n<p>&nbsp;<\/p>\n<p>&nbsp;<\/p>\n<p>&nbsp;<\/p>\n<p>&nbsp;<\/p>\n<div>&nbsp;<\/div>\n<p>__________________________________________________<\/p>\n<p><em>Andreas Wiesmann, Orgel<br \/>\n<\/em><\/p>\n","protected":false},"excerpt":{"rendered":"<p>Samstag, 28. Dezember 2024 \/ 19.00 Uhr Pfarrkirche Verkl\u00e4rung Christi &nbsp; &nbsp; &nbsp; Weihnachtliche Orgelmusik &nbsp; &nbsp; &nbsp; &nbsp; Johann PACHELBEL (1653 &#8211; 1706) Choralfantasie \u201eVom Himmel hoch, da komm ich her\u201c P. 478 &nbsp; Johann Michael BACH (1648 &#8211; 1694) Choraltrio \u201eIn dulci jubilo\u201c &nbsp; Louis-Claude DAQUIN (1694 &#8211; 1772) Nouveau Livre de No\u00ebls op. 2 Dixi\u00e8me No\u00ebl: Grand Jeu et Duo &nbsp; Johann Sebastian BACH (1685 &#8211; 1750) Choralvorspiele aus dem \u201eOrgelb\u00fcchlein\u201c Der Tag, der ist so freudenreich &hellip; <\/p>\n","protected":false},"author":1,"featured_media":0,"parent":0,"menu_order":0,"comment_status":"closed","ping_status":"closed","template":"","meta":{"ngg_post_thumbnail":0,"footnotes":""},"class_list":["post-1035","page","type-page","status-publish","hentry"],"_links":{"self":[{"href":"http:\/\/www.musik-zum-tagesausklang.de\/index.php?rest_route=\/wp\/v2\/pages\/1035","targetHints":{"allow":["GET"]}}],"collection":[{"href":"http:\/\/www.musik-zum-tagesausklang.de\/index.php?rest_route=\/wp\/v2\/pages"}],"about":[{"href":"http:\/\/www.musik-zum-tagesausklang.de\/index.php?rest_route=\/wp\/v2\/types\/page"}],"author":[{"embeddable":true,"href":"http:\/\/www.musik-zum-tagesausklang.de\/index.php?rest_route=\/wp\/v2\/users\/1"}],"replies":[{"embeddable":true,"href":"http:\/\/www.musik-zum-tagesausklang.de\/index.php?rest_route=%2Fwp%2Fv2%2Fcomments&post=1035"}],"version-history":[{"count":3,"href":"http:\/\/www.musik-zum-tagesausklang.de\/index.php?rest_route=\/wp\/v2\/pages\/1035\/revisions"}],"predecessor-version":[{"id":1053,"href":"http:\/\/www.musik-zum-tagesausklang.de\/index.php?rest_route=\/wp\/v2\/pages\/1035\/revisions\/1053"}],"wp:attachment":[{"href":"http:\/\/www.musik-zum-tagesausklang.de\/index.php?rest_route=%2Fwp%2Fv2%2Fmedia&parent=1035"}],"curies":[{"name":"wp","href":"https:\/\/api.w.org\/{rel}","templated":true}]}}

<h5><img loading="lazy" decoding="async" class="alignright size-medium wp-image-455" src="http://www.musik-zum-tagesausklang.de/wp-content/uploads/2019/08/DSC00285-300x200.jpg" alt="" width="300" height="200" srcset="http://www.musik-zum-tagesausklang.de/wp-content/uploads/2019/08/DSC00285-300x200.jpg 300w, http://www.musik-zum-tagesausklang.de/wp-content/uploads/2019/08/DSC00285-768x512.jpg 768w, http://www.musik-zum-tagesausklang.de/wp-content/uploads/2019/08/DSC00285-1024x683.jpg 1024w" sizes="auto, (max-width: 300px) 100vw, 300px" />Samstag, 28. Dezember 2024 / 19.00 Uhr<br />
Pfarrkirche Verklärung Christi</h5>
<h5>&nbsp;</h5>
<p>&nbsp;</p>
<p>&nbsp;</p>
<h4>Weihnachtliche Orgelmusik</h4>
<div class="o9v6fnle cxmmr5t8 oygrvhab hcukyx3x c1et5uql">&nbsp;</div>
<div>&nbsp;</div>
<p>&nbsp;</p>
<p>&nbsp;</p>
<p>Johann PACHELBEL<br />
(1653 &#8211; 1706)<br />
Choralfantasie „Vom Himmel hoch, da komm ich her“<br />
P. 478</p>
<p>&nbsp;</p>
<p>Johann Michael BACH<br />
(1648 &#8211; 1694)<br />
Choraltrio „In dulci jubilo“</p>
<p>&nbsp;</p>
<p>Louis-Claude DAQUIN<br />
(1694 &#8211; 1772)<br />
Nouveau Livre de Noëls<br />
op. 2<br />
<i>Dixième Noël: Grand Jeu et Duo</i></p>
<p>&nbsp;</p>
<p>Johann Sebastian BACH<br />
(1685 &#8211; 1750)</p>
<p>Choralvorspiele aus dem „Orgelbüchlein“<br />
<i>Der Tag, der ist so freudenreich BWV 605<br />
</i><i>Vom Himmel hoch, da komm ich her BWV 606</i></p>
<p>&nbsp;</p>
<p>Präludium und Fuge C-Dur<br />
BWV 547</p>
<p>&nbsp;</p>
<p>&nbsp;</p>
<p>&nbsp;</p>
<p>&nbsp;</p>
<div>&nbsp;</div>
<p>__________________________________________________</p>
<p><em>Andreas Wiesmann, Orgel<br />
</em></p>

<p>Samstag, 28. Dezember 2024 / 19.00 Uhr Pfarrkirche Verklärung Christi &nbsp; &nbsp; &nbsp; Weihnachtliche Orgelmusik &nbsp; &nbsp; &nbsp; &nbsp; Johann PACHELBEL (1653 &#8211; 1706) Choralfantasie „Vom Himmel hoch, da komm ich her“ P. 478 &nbsp; Johann Michael BACH (1648 &#8211; 1694) Choraltrio „In dulci jubilo“ &nbsp; Louis-Claude DAQUIN (1694 &#8211; 1772) Nouveau Livre de Noëls op. 2 Dixième Noël: Grand Jeu et Duo &nbsp; Johann Sebastian BACH (1685 &#8211; 1750) Choralvorspiele aus dem „Orgelbüchlein“ Der Tag, der ist so freudenreich &hellip; </p>
